Last updated on 2025-10-26 05:50:06 CET.
| Flavor | Version | Tinstall | Tcheck | Ttotal | Status | Flags |
|---|---|---|---|---|---|---|
| r-devel-linux-x86_64-debian-clang | 0.1.1 | 29.15 | 213.60 | 242.75 | OK | |
| r-devel-linux-x86_64-debian-gcc | 0.1.1 | 22.68 | 107.40 | 130.08 | OK | |
| r-devel-linux-x86_64-fedora-clang | 0.1.1 | 195.00 | 182.50 | 377.50 | OK | |
| r-devel-linux-x86_64-fedora-gcc | 0.1.1 | 73.00 | 325.55 | 398.55 | OK | |
| r-devel-windows-x86_64 | 0.1.1 | 33.00 | 273.00 | 306.00 | OK | |
| r-patched-linux-x86_64 | 0.1.1 | 27.19 | 147.83 | 175.02 | OK | |
| r-release-linux-x86_64 | 0.1.1 | 29.76 | 146.00 | 175.76 | OK | |
| r-release-macos-arm64 | 0.1.1 | 21.00 | 122.00 | 143.00 | OK | |
| r-release-macos-x86_64 | 0.1.1 | 29.00 | 197.00 | 226.00 | OK | |
| r-release-windows-x86_64 | 0.1.1 | 37.00 | 280.00 | 317.00 | OK | |
| r-oldrel-macos-arm64 | 0.1.1 | 20.00 | 107.00 | 127.00 | NOTE | |
| r-oldrel-macos-x86_64 | 0.1.1 | 30.00 | 208.00 | 238.00 | NOTE | |
| r-oldrel-windows-x86_64 | 0.1.1 | 44.00 | 319.00 | 363.00 | NOTE |
Version: 0.1.1
Check: installed package size
Result: NOTE
installed size is 5.3Mb
sub-directories of 1Mb or more:
data 1.6Mb
doc 2.1Mb
Flavors: r-oldrel-macos-arm64, r-oldrel-macos-x86_64, r-oldrel-windows-x86_64