Last updated on 2025-10-26 05:50:06 CET.
| Flavor | Version | Tinstall | Tcheck | Ttotal | Status | Flags |
|---|---|---|---|---|---|---|
| r-devel-linux-x86_64-debian-clang | 2.1.0 | 2.54 | 47.03 | 49.57 | NOTE | |
| r-devel-linux-x86_64-debian-gcc | 2.1.0 | 2.40 | 38.09 | 40.49 | NOTE | |
| r-devel-linux-x86_64-fedora-clang | 2.1.0 | 71.38 | OK | |||
| r-devel-linux-x86_64-fedora-gcc | 2.1.0 | 82.59 | OK | |||
| r-devel-windows-x86_64 | 2.1.0 | 4.00 | 58.00 | 62.00 | OK | |
| r-patched-linux-x86_64 | 2.1.0 | 3.25 | 44.36 | 47.61 | OK | |
| r-release-linux-x86_64 | 2.1.0 | 2.87 | 44.16 | 47.03 | OK | |
| r-release-macos-arm64 | 2.1.0 | 2.00 | 30.00 | 32.00 | OK | |
| r-release-macos-x86_64 | 2.1.0 | 2.00 | 69.00 | 71.00 | OK | |
| r-release-windows-x86_64 | 2.1.0 | 4.00 | 60.00 | 64.00 | OK | |
| r-oldrel-macos-arm64 | 2.1.0 | 2.00 | 26.00 | 28.00 | NOTE | |
| r-oldrel-macos-x86_64 | 2.1.0 | 2.00 | 40.00 | 42.00 | NOTE | |
| r-oldrel-windows-x86_64 | 2.1.0 | 5.00 | 69.00 | 74.00 | NOTE |
Version: 2.1.0
Check: CRAN incoming feasibility
Result: NOTE
Maintainer: ‘Shaun Wilkinson <shaunpwilkinson@gmail.com>’
Package CITATION file contains call(s) to old-style personList() or
as.personList(). Please use c() on person objects instead.
Package CITATION file contains call(s) to old-style citEntry(). Please
use bibentry() instead.
Flavors: r-devel-linux-x86_64-debian-clang, r-devel-linux-x86_64-debian-gcc
Version: 2.1.0
Check: LazyData
Result: NOTE
'LazyData' is specified without a 'data' directory
Flavors: r-oldrel-macos-arm64, r-oldrel-macos-x86_64, r-oldrel-windows-x86_64