Last updated on 2025-10-25 17:48:47 CEST.
| Flavor | Version | Tinstall | Tcheck | Ttotal | Status | Flags |
|---|---|---|---|---|---|---|
| r-devel-linux-x86_64-debian-clang | 0.2-3 | 6.76 | 66.26 | 73.02 | NOTE | |
| r-devel-linux-x86_64-debian-gcc | 0.2-3 | 4.54 | 46.06 | 50.60 | NOTE | |
| r-devel-linux-x86_64-fedora-clang | 0.2-3 | 33.00 | 83.84 | 116.84 | NOTE | |
| r-devel-linux-x86_64-fedora-gcc | 0.2-3 | 30.00 | 86.66 | 116.66 | NOTE | |
| r-devel-windows-x86_64 | 0.2-3 | 10.00 | 73.00 | 83.00 | NOTE | |
| r-patched-linux-x86_64 | 0.2-3 | 5.70 | 60.28 | 65.98 | NOTE | |
| r-release-linux-x86_64 | 0.2-3 | 5.21 | 60.59 | 65.80 | NOTE | |
| r-release-macos-arm64 | 0.2-3 | 5.00 | 32.00 | 37.00 | NOTE | |
| r-release-macos-x86_64 | 0.2-3 | 9.00 | 56.00 | 65.00 | NOTE | |
| r-release-windows-x86_64 | 0.2-3 | 12.00 | 75.00 | 87.00 | NOTE | |
| r-oldrel-macos-arm64 | 0.2-3 | 5.00 | 29.00 | 34.00 | NOTE | |
| r-oldrel-macos-x86_64 | 0.2-3 | 9.00 | 47.00 | 56.00 | NOTE | |
| r-oldrel-windows-x86_64 | 0.2-3 | 13.00 | 92.00 | 105.00 | NOTE |
Version: 0.2-3
Check: Rd files
Result: NOTE
checkRd: (-1) PatentsRD.Rd:4: Escaped LaTeX specials: \&
checkRd: (-1) PatentsRD.Rd:30: Escaped LaTeX specials: \&
checkRd: (-1) PatentsRDUS.Rd:4: Escaped LaTeX specials: \&
Flavors: r-devel-linux-x86_64-debian-clang, r-devel-linux-x86_64-debian-gcc, r-devel-linux-x86_64-fedora-clang, r-devel-linux-x86_64-fedora-gcc, r-devel-windows-x86_64, r-patched-linux-x86_64, r-release-linux-x86_64, r-release-macos-arm64, r-release-macos-x86_64, r-release-windows-x86_64, r-oldrel-macos-arm64, r-oldrel-macos-x86_64, r-oldrel-windows-x86_64