Last updated on 2025-10-25 09:49:39 CEST.
| Flavor | Version | Tinstall | Tcheck | Ttotal | Status | Flags |
|---|---|---|---|---|---|---|
| r-devel-linux-x86_64-debian-clang | 0.1.0 | 25.61 | 33.47 | 59.08 | OK | |
| r-devel-linux-x86_64-debian-gcc | 0.1.0 | 16.11 | 25.84 | 41.95 | OK | |
| r-devel-linux-x86_64-fedora-clang | 0.1.0 | 47.00 | 47.42 | 94.42 | NOTE | |
| r-devel-linux-x86_64-fedora-gcc | 0.1.0 | 60.00 | 31.35 | 91.35 | NOTE | |
| r-devel-windows-x86_64 | 0.1.0 | 31.00 | 69.00 | 100.00 | OK | |
| r-patched-linux-x86_64 | 0.1.0 | 26.03 | 30.64 | 56.67 | OK | |
| r-release-linux-x86_64 | 0.1.0 | 27.37 | 30.93 | 58.30 | OK | |
| r-release-macos-arm64 | 0.1.0 | 11.00 | 20.00 | 31.00 | OK | |
| r-release-macos-x86_64 | 0.1.0 | 18.00 | 31.00 | 49.00 | OK | |
| r-release-windows-x86_64 | 0.1.0 | 32.00 | 69.00 | 101.00 | OK | |
| r-oldrel-macos-arm64 | 0.1.0 | 11.00 | 18.00 | 29.00 | NOTE | |
| r-oldrel-macos-x86_64 | 0.1.0 | 15.00 | 28.00 | 43.00 | NOTE | |
| r-oldrel-windows-x86_64 | 0.1.0 | 38.00 | 83.00 | 121.00 | NOTE |
Version: 0.1.0
Check: compiled code
Result: NOTE
File ‘pgee.mixed/libs/pgee.mixed.so’:
Found no calls to: ‘R_registerRoutines’, ‘R_useDynamicSymbols’
It is good practice to register native routines and to disable symbol
search.
See ‘Writing portable packages’ in the ‘Writing R Extensions’ manual.
Flavors: r-devel-linux-x86_64-fedora-clang, r-devel-linux-x86_64-fedora-gcc
Version: 0.1.0
Check: LazyData
Result: NOTE
'LazyData' is specified without a 'data' directory
Flavors: r-oldrel-macos-arm64, r-oldrel-macos-x86_64, r-oldrel-windows-x86_64