Last updated on 2025-07-18 13:49:39 CEST.
Flavor | Version | Tinstall | Tcheck | Ttotal | Status | Flags |
---|---|---|---|---|---|---|
r-devel-linux-x86_64-debian-clang | 0.1.3 | 10.85 | 97.90 | 108.75 | NOTE | |
r-devel-linux-x86_64-debian-gcc | 0.1.3 | 8.75 | 68.00 | 76.75 | NOTE | |
r-devel-linux-x86_64-fedora-clang | 0.1.3 | 171.76 | OK | |||
r-devel-linux-x86_64-fedora-gcc | 0.1.3 | 168.26 | OK | |||
r-devel-windows-x86_64 | 0.1.3 | 12.00 | 101.00 | 113.00 | NOTE | |
r-patched-linux-x86_64 | 0.1.3 | 11.41 | 89.48 | 100.89 | NOTE | |
r-release-linux-x86_64 | 0.1.3 | 9.77 | 91.25 | 101.02 | NOTE | |
r-release-macos-arm64 | 0.1.3 | 46.00 | OK | |||
r-release-macos-x86_64 | 0.1.3 | 85.00 | OK | |||
r-release-windows-x86_64 | 0.1.3 | 12.00 | 105.00 | 117.00 | NOTE | |
r-oldrel-macos-arm64 | 0.1.3 | 47.00 | OK | |||
r-oldrel-macos-x86_64 | 0.1.3 | 66.00 | OK | |||
r-oldrel-windows-x86_64 | 0.1.3 | 17.00 | 129.00 | 146.00 | OK |
Version: 0.1.3
Check: Rd cross-references
Result: NOTE
Found the following Rd file(s) with Rd \link{} targets missing package
anchors:
tw_complex.Rd: glmer, lmer
Please provide package anchors for all Rd \link{} targets not in the
package itself and the base packages.
Flavors: r-devel-linux-x86_64-debian-clang, r-devel-linux-x86_64-debian-gcc, r-devel-windows-x86_64, r-patched-linux-x86_64, r-release-linux-x86_64, r-release-windows-x86_64