Last updated on 2025-11-27 17:49:46 CET.
| Flavor | Version | Tinstall | Tcheck | Ttotal | Status | Flags |
|---|---|---|---|---|---|---|
| r-devel-linux-x86_64-debian-clang | 0.9-53 | 58.28 | 103.79 | 162.07 | OK | |
| r-devel-linux-x86_64-debian-gcc | 0.9-53 | 44.38 | 74.15 | 118.53 | OK | |
| r-devel-linux-x86_64-fedora-clang | 0.9-53 | 90.00 | 184.40 | 274.40 | OK | |
| r-devel-linux-x86_64-fedora-gcc | 0.9-53 | 115.00 | 164.99 | 279.99 | OK | |
| r-devel-windows-x86_64 | 0.9-53 | 73.00 | 135.00 | 208.00 | OK | |
| r-patched-linux-x86_64 | 0.9-53 | 65.46 | 98.24 | 163.70 | OK | |
| r-release-linux-x86_64 | 0.9-53 | 65.48 | 98.62 | 164.10 | OK | |
| r-release-macos-arm64 | 0.9-53 | OK | ||||
| r-release-macos-x86_64 | 0.9-53 | 39.00 | 114.00 | 153.00 | OK | |
| r-release-windows-x86_64 | 0.9-53 | 70.00 | 158.00 | 228.00 | OK | |
| r-oldrel-macos-arm64 | 0.9-53 | NOTE | ||||
| r-oldrel-macos-x86_64 | 0.9-53 | 47.00 | 103.00 | 150.00 | NOTE | |
| r-oldrel-windows-x86_64 | 0.9-53 | 84.00 | 163.00 | 247.00 | OK |
Version: 0.9-53
Check: installed package size
Result: NOTE
installed size is 6.1Mb
sub-directories of 1Mb or more:
libs 5.2Mb
Flavors: r-oldrel-macos-arm64, r-oldrel-macos-x86_64