Last updated on 2025-07-08 13:49:16 CEST.
Flavor | Version | Tinstall | Tcheck | Ttotal | Status | Flags |
---|---|---|---|---|---|---|
r-devel-linux-x86_64-debian-clang | 0.4.0 | 2.51 | 65.78 | 68.29 | OK | |
r-devel-linux-x86_64-debian-gcc | 0.4.0 | 1.85 | 50.79 | 52.64 | OK | |
r-devel-linux-x86_64-fedora-clang | 0.4.0 | 101.57 | OK | |||
r-devel-linux-x86_64-fedora-gcc | 0.4.0 | 109.51 | OK | |||
r-devel-windows-x86_64 | 0.4.0 | 4.00 | 74.00 | 78.00 | OK | |
r-patched-linux-x86_64 | 0.4.0 | 2.51 | 62.83 | 65.34 | OK | |
r-release-linux-x86_64 | 0.4.0 | 2.03 | 62.58 | 64.61 | OK | |
r-release-macos-arm64 | 0.4.0 | 41.00 | OK | |||
r-release-macos-x86_64 | 0.4.0 | 70.00 | OK | |||
r-release-windows-x86_64 | 0.4.0 | 4.00 | 77.00 | 81.00 | OK | |
r-oldrel-macos-arm64 | 0.4.0 | 37.00 | NOTE | |||
r-oldrel-macos-x86_64 | 0.4.0 | 61.00 | NOTE | |||
r-oldrel-windows-x86_64 | 0.4.0 | 5.00 | 89.00 | 94.00 | NOTE |
Version: 0.4.0
Check: LazyData
Result: NOTE
'LazyData' is specified without a 'data' directory
Flavors: r-oldrel-macos-arm64, r-oldrel-macos-x86_64, r-oldrel-windows-x86_64