Last updated on 2025-10-25 21:49:48 CEST.
| Flavor | Version | Tinstall | Tcheck | Ttotal | Status | Flags |
|---|---|---|---|---|---|---|
| r-devel-linux-x86_64-debian-clang | 2.7-12 | 84.20 | 351.48 | 435.68 | OK | |
| r-devel-linux-x86_64-debian-gcc | 2.7-12 | 57.79 | 242.44 | 300.23 | OK | |
| r-devel-linux-x86_64-fedora-clang | 2.7-12 | 140.00 | 521.59 | 661.59 | OK | |
| r-devel-linux-x86_64-fedora-gcc | 2.7-12 | 113.00 | 538.70 | 651.70 | OK | |
| r-devel-windows-x86_64 | 2.7-12 | 99.00 | 400.00 | 499.00 | OK | |
| r-patched-linux-x86_64 | 2.7-12 | 92.17 | 332.97 | 425.14 | OK | |
| r-release-linux-x86_64 | 2.7-12 | 89.95 | 334.38 | 424.33 | OK | |
| r-release-macos-arm64 | 2.7-12 | 33.00 | 185.00 | 218.00 | OK | |
| r-release-macos-x86_64 | 2.7-12 | 45.00 | 318.00 | 363.00 | OK | |
| r-release-windows-x86_64 | 2.7-12 | 101.00 | 376.00 | 477.00 | OK | |
| r-oldrel-macos-arm64 | 2.7-12 | 32.00 | 147.00 | 179.00 | NOTE | |
| r-oldrel-macos-x86_64 | 2.7-12 | 44.00 | 276.00 | 320.00 | NOTE | |
| r-oldrel-windows-x86_64 | 2.7-12 | 120.00 | 484.00 | 604.00 | NOTE |
Version: 2.7-12
Check: installed package size
Result: NOTE
installed size is 11.4Mb
sub-directories of 1Mb or more:
data 2.1Mb
libs 6.6Mb
Flavors: r-oldrel-macos-arm64, r-oldrel-macos-x86_64, r-oldrel-windows-x86_64