Last updated on 2025-10-25 09:49:39 CEST.
| Flavor | Version | Tinstall | Tcheck | Ttotal | Status | Flags |
|---|---|---|---|---|---|---|
| r-devel-linux-x86_64-debian-clang | 0.9.0 | 1636.57 | 496.76 | 2133.33 | OK | |
| r-devel-linux-x86_64-debian-gcc | 0.9.0 | 805.53 | 326.11 | 1131.64 | OK | |
| r-devel-linux-x86_64-fedora-clang | 0.9.0 | 3960.00 | -106.21 | 3853.79 | OK | |
| r-devel-linux-x86_64-fedora-gcc | 0.9.0 | 5160.00 | -788.17 | 4371.83 | OK | |
| r-devel-windows-x86_64 | 0.9.0 | 1156.00 | 656.00 | 1812.00 | OK | |
| r-patched-linux-x86_64 | 0.9.0 | 1286.84 | 464.12 | 1750.96 | OK | |
| r-release-linux-x86_64 | 0.9.0 | 1286.52 | 461.21 | 1747.73 | OK | |
| r-release-macos-arm64 | 0.9.0 | 1803.00 | OK | |||
| r-release-macos-x86_64 | 0.9.0 | 1800.00 | 2.00 | 1802.00 | ERROR | |
| r-release-windows-x86_64 | 0.9.0 | 1067.00 | 645.00 | 1712.00 | OK | |
| r-oldrel-macos-arm64 | 0.9.0 | 1620.00 | 138.00 | 1758.00 | NOTE | |
| r-oldrel-macos-x86_64 | 0.9.0 | 1080.00 | 158.00 | 1238.00 | NOTE | |
| r-oldrel-windows-x86_64 | 0.9.0 | 2622.00 | 744.00 | 3366.00 | NOTE |
Version: 0.9.0
Check: whether package can be installed
Result: ERROR
Installation failed.
Flavor: r-release-macos-x86_64
Version: 0.9.0
Check: installed package size
Result: NOTE
installed size is 11.5Mb
sub-directories of 1Mb or more:
R 8.4Mb
help 2.8Mb
Flavors: r-oldrel-macos-arm64, r-oldrel-macos-x86_64, r-oldrel-windows-x86_64