Last updated on 2025-11-26 17:50:01 CET.
| Flavor | Version | Tinstall | Tcheck | Ttotal | Status | Flags |
|---|---|---|---|---|---|---|
| r-devel-linux-x86_64-debian-clang | 1.4.0 | 0.40 | 3.60 | 4.00 | ERROR | |
| r-devel-linux-x86_64-debian-gcc | 1.4.0 | 0.35 | 2.82 | 3.17 | ERROR | |
| r-devel-linux-x86_64-fedora-clang | 1.4.0 | 2.72 | ERROR | |||
| r-devel-linux-x86_64-fedora-gcc | 1.4.0 | 47.00 | 302.84 | 349.84 | OK | |
| r-devel-windows-x86_64 | 1.4.0 | 17.00 | 182.00 | 199.00 | OK | |
| r-patched-linux-x86_64 | 1.4.0 | 11.00 | 182.56 | 193.56 | OK | |
| r-release-linux-x86_64 | 1.4.0 | 9.78 | 181.39 | 191.17 | OK | |
| r-release-macos-arm64 | 1.4.0 | OK | ||||
| r-release-macos-x86_64 | 1.4.0 | 12.00 | 190.00 | 202.00 | OK | |
| r-release-windows-x86_64 | 1.4.0 | 13.00 | 194.00 | 207.00 | OK | |
| r-oldrel-macos-arm64 | 1.4.0 | OK | ||||
| r-oldrel-macos-x86_64 | 1.4.0 | 10.00 | 155.00 | 165.00 | OK | |
| r-oldrel-windows-x86_64 | 1.4.0 | 18.00 | 248.00 | 266.00 | OK |
Version: 1.4.0
Check: package dependencies
Result: ERROR
Package required but not available: ‘h3jsr’
See section ‘The DESCRIPTION file’ in the ‘Writing R Extensions’
manual.
Flavors: r-devel-linux-x86_64-debian-clang, r-devel-linux-x86_64-debian-gcc, r-devel-linux-x86_64-fedora-clang