Last updated on 2025-11-26 09:51:24 CET.
| Flavor | Version | Tinstall | Tcheck | Ttotal | Status | Flags |
|---|---|---|---|---|---|---|
| r-devel-linux-x86_64-debian-clang | 0.1.4 | 19.76 | 44.03 | 63.79 | NOTE | |
| r-devel-linux-x86_64-debian-gcc | 0.1.4 | 10.63 | 32.52 | 43.15 | NOTE | |
| r-devel-linux-x86_64-fedora-clang | 0.1.4 | 32.00 | 76.99 | 108.99 | NOTE | |
| r-devel-linux-x86_64-fedora-gcc | 0.1.4 | 24.00 | 70.42 | 94.42 | NOTE | |
| r-devel-windows-x86_64 | 0.1.4 | 28.00 | 87.00 | 115.00 | NOTE | |
| r-patched-linux-x86_64 | 0.1.4 | 15.97 | 41.09 | 57.06 | NOTE | |
| r-release-linux-x86_64 | 0.1.4 | 17.68 | 41.25 | 58.93 | NOTE | |
| r-release-macos-arm64 | 0.1.4 | NOTE | ||||
| r-release-macos-x86_64 | 0.1.4 | 13.00 | 43.00 | 56.00 | NOTE | |
| r-release-windows-x86_64 | 0.1.4 | 26.00 | 99.00 | 125.00 | NOTE | |
| r-oldrel-macos-arm64 | 0.1.4 | NOTE | ||||
| r-oldrel-macos-x86_64 | 0.1.4 | 11.00 | 34.00 | 45.00 | NOTE | |
| r-oldrel-windows-x86_64 | 0.1.4 | 29.00 | 102.00 | 131.00 | NOTE |
Version: 0.1.4
Check: Rd files
Result: NOTE
checkRd: (-1) DTV.Rd:20: Lost braces in \itemize; \value handles \item{}{} directly
checkRd: (-1) DTV.Rd:21: Lost braces in \itemize; \value handles \item{}{} directly
checkRd: (-1) DTV.Rd:22: Lost braces in \itemize; \value handles \item{}{} directly
checkRd: (-1) DTV.Rd:23: Lost braces in \itemize; \value handles \item{}{} directly
checkRd: (-1) DTV.Rd:24: Lost braces in \itemize; \value handles \item{}{} directly
Flavors: r-devel-linux-x86_64-debian-clang, r-devel-linux-x86_64-debian-gcc, r-devel-linux-x86_64-fedora-clang, r-devel-linux-x86_64-fedora-gcc, r-devel-windows-x86_64, r-patched-linux-x86_64, r-release-linux-x86_64, r-release-macos-arm64, r-release-macos-x86_64, r-release-windows-x86_64, r-oldrel-macos-arm64, r-oldrel-macos-x86_64, r-oldrel-windows-x86_64