Last updated on 2025-11-26 21:48:47 CET.
| Flavor | Version | Tinstall | Tcheck | Ttotal | Status | Flags |
|---|---|---|---|---|---|---|
| r-devel-linux-x86_64-debian-clang | 1.1.3 | 30.35 | 699.05 | 729.40 | NOTE | |
| r-devel-linux-x86_64-debian-gcc | 1.1.3 | 24.08 | 415.02 | 439.10 | NOTE | |
| r-devel-linux-x86_64-fedora-clang | 1.1.3 | 69.00 | 1104.00 | 1173.00 | NOTE | |
| r-devel-linux-x86_64-fedora-gcc | 1.1.3 | 73.00 | 1224.83 | 1297.83 | NOTE | |
| r-devel-windows-x86_64 | 1.1.3 | 47.00 | 210.00 | 257.00 | NOTE | |
| r-patched-linux-x86_64 | 1.1.3 | 34.83 | 668.98 | 703.81 | NOTE | |
| r-release-linux-x86_64 | 1.1.3 | 35.44 | 675.77 | 711.21 | NOTE | |
| r-release-macos-arm64 | 1.1.3 | NOTE | ||||
| r-release-macos-x86_64 | 1.1.3 | 14.00 | 225.00 | 239.00 | NOTE | |
| r-release-windows-x86_64 | 1.1.3 | 67.00 | 217.00 | 284.00 | NOTE | |
| r-oldrel-macos-arm64 | 1.1.3 | NOTE | ||||
| r-oldrel-macos-x86_64 | 1.1.3 | 15.00 | 183.00 | 198.00 | NOTE | |
| r-oldrel-windows-x86_64 | 1.1.3 | 50.00 | 274.00 | 324.00 | NOTE |
Version: 1.1.3
Check: CRAN incoming feasibility
Result: NOTE
Maintainer: ‘Finlay Campbell <finlaycampbell93@gmail.com>’
Package CITATION file contains call(s) to old-style citEntry(). Please
use bibentry() instead.
Flavors: r-devel-linux-x86_64-debian-clang, r-devel-linux-x86_64-debian-gcc
Version: 1.1.3
Check: C++ specification
Result: NOTE
Specified C++11: please drop specification unless essential
Flavors: r-devel-linux-x86_64-debian-clang, r-devel-linux-x86_64-debian-gcc, r-devel-windows-x86_64, r-patched-linux-x86_64, r-release-linux-x86_64, r-release-macos-arm64, r-release-macos-x86_64, r-release-windows-x86_64, r-oldrel-macos-arm64, r-oldrel-macos-x86_64, r-oldrel-windows-x86_64
Version: 1.1.3
Check: C++ specification
Result: NOTE
Specified C++11: support will be removed soon
Flavors: r-devel-linux-x86_64-fedora-clang, r-devel-linux-x86_64-fedora-gcc