CRAN Package Check Results for Package orgR

Last updated on 2025-10-26 05:50:05 CET.

Flavor Version Tinstall Tcheck Ttotal Status Flags
r-devel-linux-x86_64-debian-clang 0.9.0 6.81 59.81 66.62 NOTE
r-devel-linux-x86_64-debian-gcc 0.9.0 5.18 44.29 49.47 NOTE
r-devel-linux-x86_64-fedora-clang 0.9.0 17.00 88.78 105.78 OK
r-devel-linux-x86_64-fedora-gcc 0.9.0 16.00 82.51 98.51 OK
r-devel-windows-x86_64 0.9.0 8.00 69.00 77.00 OK
r-patched-linux-x86_64 0.9.0 6.95 57.05 64.00 OK
r-release-linux-x86_64 0.9.0 6.92 57.08 64.00 OK
r-release-macos-arm64 0.9.0 3.00 23.00 26.00 OK
r-release-macos-x86_64 0.9.0 5.00 41.00 46.00 OK
r-release-windows-x86_64 0.9.0 10.00 71.00 81.00 OK
r-oldrel-macos-arm64 0.9.0 3.00 23.00 26.00 OK
r-oldrel-macos-x86_64 0.9.0 4.00 37.00 41.00 OK
r-oldrel-windows-x86_64 0.9.0 11.00 85.00 96.00 OK

Check Details

Version: 0.9.0
Check: CRAN incoming feasibility
Result: NOTE Maintainer: ‘Yi Tang <yi.tang.uk@me.com>’ No Authors@R field in DESCRIPTION. Please add one, modifying Authors@R: person(given = "Yi", family = "Tang", role = c("aut", "cre"), email = "yi.tang.uk@me.com") as necessary. Flavors: r-devel-linux-x86_64-debian-clang, r-devel-linux-x86_64-debian-gcc