Last updated on 2025-07-18 05:52:41 CEST.
Flavor | Version | Tinstall | Tcheck | Ttotal | Status | Flags |
---|---|---|---|---|---|---|
r-devel-linux-x86_64-debian-clang | 1.0 | 6.07 | 62.40 | 68.47 | NOTE | |
r-devel-linux-x86_64-debian-gcc | 1.0 | 5.15 | 46.73 | 51.88 | NOTE | |
r-devel-linux-x86_64-fedora-clang | 1.0 | 106.11 | OK | |||
r-devel-linux-x86_64-fedora-gcc | 1.0 | 102.46 | OK | |||
r-devel-windows-x86_64 | 1.0 | 8.00 | 76.00 | 84.00 | OK | |
r-patched-linux-x86_64 | 1.0 | 7.39 | 59.57 | 66.96 | OK | |
r-release-linux-x86_64 | 1.0 | 7.12 | 59.03 | 66.15 | OK | |
r-release-macos-arm64 | 1.0 | 38.00 | OK | |||
r-release-macos-x86_64 | 1.0 | 75.00 | OK | |||
r-release-windows-x86_64 | 1.0 | 8.00 | 75.00 | 83.00 | OK | |
r-oldrel-macos-arm64 | 1.0 | 33.00 | OK | |||
r-oldrel-macos-x86_64 | 1.0 | 52.00 | OK | |||
r-oldrel-windows-x86_64 | 1.0 | 9.00 | 88.00 | 97.00 | OK |
Version: 1.0
Check: CRAN incoming feasibility
Result: NOTE
Maintainer: ‘James A. Fordyce <jfordyce@utk.edu>’
No Authors@R field in DESCRIPTION.
Please add one, modifying
Authors@R: c(person(given = "James",
family = "Fordyce",
role = "aut"),
person(given = c("James", "A."),
family = "Fordyce",
role = "cre",
email = "jfordyce@utk.edu"))
as necessary.
Flavors: r-devel-linux-x86_64-debian-clang, r-devel-linux-x86_64-debian-gcc