Last updated on 2025-10-25 13:48:45 CEST.
| Flavor | Version | Tinstall | Tcheck | Ttotal | Status | Flags |
|---|---|---|---|---|---|---|
| r-devel-linux-x86_64-debian-clang | 1.0 | 6.74 | 62.93 | 69.67 | NOTE | |
| r-devel-linux-x86_64-debian-gcc | 1.0 | 5.26 | 46.74 | 52.00 | NOTE | |
| r-devel-linux-x86_64-fedora-clang | 1.0 | 25.00 | 88.54 | 113.54 | OK | |
| r-devel-linux-x86_64-fedora-gcc | 1.0 | 16.00 | 89.88 | 105.88 | OK | |
| r-devel-windows-x86_64 | 1.0 | 8.00 | 72.00 | 80.00 | OK | |
| r-patched-linux-x86_64 | 1.0 | 6.27 | 59.61 | 65.88 | OK | |
| r-release-linux-x86_64 | 1.0 | 5.89 | 60.30 | 66.19 | OK | |
| r-release-macos-arm64 | 1.0 | 4.00 | 34.00 | 38.00 | OK | |
| r-release-macos-x86_64 | 1.0 | 6.00 | 69.00 | 75.00 | OK | |
| r-release-windows-x86_64 | 1.0 | 8.00 | 74.00 | 82.00 | OK | |
| r-oldrel-macos-arm64 | 1.0 | 3.00 | 30.00 | 33.00 | OK | |
| r-oldrel-macos-x86_64 | 1.0 | 6.00 | 46.00 | 52.00 | OK | |
| r-oldrel-windows-x86_64 | 1.0 | 10.00 | 89.00 | 99.00 | OK |
Version: 1.0
Check: CRAN incoming feasibility
Result: NOTE
Maintainer: ‘James A. Fordyce <jfordyce@utk.edu>’
No Authors@R field in DESCRIPTION.
Please add one, modifying
Authors@R: c(person(given = "James",
family = "Fordyce",
role = "aut"),
person(given = c("James", "A."),
family = "Fordyce",
role = "cre",
email = "jfordyce@utk.edu"))
as necessary.
Flavors: r-devel-linux-x86_64-debian-clang, r-devel-linux-x86_64-debian-gcc