CRAN Package Check Results for Package orclus

Last updated on 2025-10-25 21:49:47 CEST.

Flavor Version Tinstall Tcheck Ttotal Status Flags
r-devel-linux-x86_64-debian-clang 0.2-6 2.07 27.60 29.67 NOTE
r-devel-linux-x86_64-debian-gcc 0.2-6 1.71 20.40 22.11 NOTE
r-devel-linux-x86_64-fedora-clang 0.2-6 44.95 OK
r-devel-linux-x86_64-fedora-gcc 0.2-6 43.97 OK
r-devel-windows-x86_64 0.2-6 2.00 42.00 44.00 OK
r-patched-linux-x86_64 0.2-6 2.32 26.05 28.37 OK
r-release-linux-x86_64 0.2-6 1.92 25.56 27.48 OK
r-release-macos-arm64 0.2-6 1.00 16.00 17.00 OK
r-release-macos-x86_64 0.2-6 2.00 25.00 27.00 OK
r-release-windows-x86_64 0.2-6 4.00 44.00 48.00 OK
r-oldrel-macos-arm64 0.2-6 1.00 15.00 16.00 OK
r-oldrel-macos-x86_64 0.2-6 2.00 22.00 24.00 OK
r-oldrel-windows-x86_64 0.2-6 3.00 41.00 44.00 OK

Check Details

Version: 0.2-6
Check: CRAN incoming feasibility
Result: NOTE Maintainer: ‘Gero Szepannek <gero.szepannek@web.de>’ No Authors@R field in DESCRIPTION. Please add one, modifying Authors@R: person(given = "Gero", family = "Szepannek", role = c("aut", "cre"), email = "gero.szepannek@web.de") as necessary. Flavors: r-devel-linux-x86_64-debian-clang, r-devel-linux-x86_64-debian-gcc