Last updated on 2025-11-26 17:50:01 CET.
| Flavor | Version | Tinstall | Tcheck | Ttotal | Status | Flags |
|---|---|---|---|---|---|---|
| r-devel-linux-x86_64-debian-clang | 0.2.0 | 2.47 | 163.36 | 165.83 | NOTE | |
| r-devel-linux-x86_64-debian-gcc | 0.2.0 | 1.80 | 114.98 | 116.78 | NOTE | |
| r-devel-linux-x86_64-fedora-clang | 0.2.0 | 280.66 | NOTE | |||
| r-devel-linux-x86_64-fedora-gcc | 0.2.0 | 283.75 | NOTE | |||
| r-devel-windows-x86_64 | 0.2.0 | 6.00 | 186.00 | 192.00 | OK | |
| r-patched-linux-x86_64 | 0.2.0 | 1.97 | 158.46 | 160.43 | OK | |
| r-release-linux-x86_64 | 0.2.0 | 2.43 | 158.43 | 160.86 | OK | |
| r-release-macos-arm64 | 0.2.0 | OK | ||||
| r-release-macos-x86_64 | 0.2.0 | 2.00 | 182.00 | 184.00 | OK | |
| r-release-windows-x86_64 | 0.2.0 | 4.00 | 192.00 | 196.00 | OK | |
| r-oldrel-macos-arm64 | 0.2.0 | OK | ||||
| r-oldrel-macos-x86_64 | 0.2.0 | 2.00 | 164.00 | 166.00 | OK | |
| r-oldrel-windows-x86_64 | 0.2.0 | 5.00 | 239.00 | 244.00 | OK |
Version: 0.2.0
Check: CRAN incoming feasibility
Result: NOTE
Maintainer: ‘Mitchell Lyons <mitchell.lyons@gmail.com>’
Found the following \keyword or \concept entries
which likely give several index terms:
File ‘find_optimal.Rd’:
\keyword{optimal,}
\keyword{partition,}
File ‘get_characteristic.Rd’:
\keyword{characteristic,}
\keyword{diagnostic,}
File ‘merge_clusters.Rd’:
\keyword{iterative,}
\keyword{merging,}
\keyword{reallocation,}
Flavors: r-devel-linux-x86_64-debian-clang, r-devel-linux-x86_64-debian-gcc
Version: 0.2.0
Check: dependencies in R code
Result: NOTE
Namespace in Imports field not imported from: ‘methods’
All declared Imports should be used.
Flavors: r-devel-linux-x86_64-fedora-clang, r-devel-linux-x86_64-fedora-gcc