Last updated on 2025-11-26 09:51:23 CET.
| Flavor | Version | Tinstall | Tcheck | Ttotal | Status | Flags |
|---|---|---|---|---|---|---|
| r-devel-linux-x86_64-debian-clang | 2.3.4 | 13.24 | 52.65 | 65.89 | OK | |
| r-devel-linux-x86_64-debian-gcc | 2.3.4 | 9.66 | 40.01 | 49.67 | OK | |
| r-devel-linux-x86_64-fedora-clang | 2.3.4 | 27.00 | 77.81 | 104.81 | OK | |
| r-devel-linux-x86_64-fedora-gcc | 2.3.4 | 27.00 | 84.87 | 111.87 | OK | |
| r-devel-windows-x86_64 | 2.3.4 | 66.00 | 133.00 | 199.00 | OK | |
| r-patched-linux-x86_64 | 2.3.4 | 11.57 | 48.72 | 60.29 | OK | |
| r-release-linux-x86_64 | 2.3.4 | 10.79 | 49.24 | 60.03 | OK | |
| r-release-macos-arm64 | 2.3.4 | OK | ||||
| r-release-macos-x86_64 | 2.3.4 | 16.00 | 126.00 | 142.00 | OK | |
| r-release-windows-x86_64 | 2.3.4 | 42.00 | 135.00 | 177.00 | OK | |
| r-oldrel-macos-arm64 | 2.3.4 | NOTE | ||||
| r-oldrel-macos-x86_64 | 2.3.4 | 14.00 | 75.00 | 89.00 | NOTE | |
| r-oldrel-windows-x86_64 | 2.3.4 | 45.00 | 155.00 | 200.00 | NOTE |
Version: 2.3.4
Check: installed package size
Result: NOTE
installed size is 8.6Mb
sub-directories of 1Mb or more:
doc 2.6Mb
libs 5.5Mb
Flavors: r-oldrel-macos-arm64, r-oldrel-macos-x86_64, r-oldrel-windows-x86_64