Last updated on 2025-10-25 13:48:44 CEST.
| Flavor | Version | Tinstall | Tcheck | Ttotal | Status | Flags | 
|---|---|---|---|---|---|---|
| r-devel-linux-x86_64-debian-clang | 1.0.4 | 2.45 | 28.40 | 30.85 | NOTE | |
| r-devel-linux-x86_64-debian-gcc | 1.0.4 | 1.60 | 22.96 | 24.56 | NOTE | |
| r-devel-linux-x86_64-fedora-clang | 1.0.4 | 44.77 | NOTE | |||
| r-devel-linux-x86_64-fedora-gcc | 1.0.4 | 42.42 | NOTE | |||
| r-devel-windows-x86_64 | 1.0.4 | 16.00 | 51.00 | 67.00 | NOTE | |
| r-patched-linux-x86_64 | 1.0.4 | 2.64 | 26.01 | 28.65 | NOTE | |
| r-release-linux-x86_64 | 1.0.4 | 2.31 | 25.53 | 27.84 | NOTE | |
| r-release-macos-arm64 | 1.0.4 | 1.00 | 27.00 | 28.00 | NOTE | |
| r-release-macos-x86_64 | 1.0.4 | 2.00 | 33.00 | 35.00 | NOTE | |
| r-release-windows-x86_64 | 1.0.4 | 4.00 | 55.00 | 59.00 | NOTE | |
| r-oldrel-macos-arm64 | 1.0.4 | 1.00 | 25.00 | 26.00 | OK | |
| r-oldrel-macos-x86_64 | 1.0.4 | 3.00 | 44.00 | 47.00 | OK | |
| r-oldrel-windows-x86_64 | 1.0.4 | 5.00 | 63.00 | 68.00 | OK | 
Version: 1.0.4
Check: DESCRIPTION meta-information
Result: NOTE
  Author field differs from that derived from Authors@R
    Author:    ‘Jakub Jędrusiak [aut, cre, cph] (<https://orcid.org/0000-0002-6481-8210>, University of Wroclaw), Peter Organisciak [ctb] (<https://orcid.org/0000-0002-9058-2280>, University of Denver), Selcuk Acar [ctb] (<https://orcid.org/0000-0003-4044-985X>, University of North Texas), Denis Dumas [ctb] (<https://orcid.org/0000-0002-8446-4720>, University of Georgia), Pier-Luc de Chantal [ctb] (<https://orcid.org/0000-0002-6974-6172>, Université du Québec à Montréal), Kelly Berthiaume [ctb] (<https://orcid.org/0000-0002-5285-0512>, University of North Texas)’
    Authors@R: ‘Jakub Jędrusiak [aut, cre, cph] (ORCID: <https://orcid.org/0000-0002-6481-8210>, affiliation: University of Wroclaw), Peter Organisciak [ctb] (ORCID: <https://orcid.org/0000-0002-9058-2280>, affiliation: University of Denver), Selcuk Acar [ctb] (ORCID: <https://orcid.org/0000-0003-4044-985X>, affiliation: University of North Texas), Denis Dumas [ctb] (ORCID: <https://orcid.org/0000-0002-8446-4720>, affiliation: University of Georgia), Pier-Luc de Chantal [ctb] (ORCID: <https://orcid.org/0000-0002-6974-6172>, affiliation: Université du Québec à Montréal), Kelly Berthiaume [ctb] (ORCID: <https://orcid.org/0000-0002-5285-0512>, affiliation: University of North Texas)’
  
    Missing dependency on R >= 4.1.0 because package code uses the pipe
    |> or function shorthand \(...) syntax added in R 4.1.0.
    File(s) using such syntax:
      ‘oscai.R’
Flavors: r-devel-linux-x86_64-debian-clang, r-devel-linux-x86_64-debian-gcc
Version: 1.0.4
Check: DESCRIPTION meta-information
Result: NOTE
    Missing dependency on R >= 4.1.0 because package code uses the pipe
    |> or function shorthand \(...) syntax added in R 4.1.0.
    File(s) using such syntax:
      ‘oscai.R’
Flavors: r-devel-linux-x86_64-fedora-clang, r-devel-linux-x86_64-fedora-gcc, r-devel-windows-x86_64, r-patched-linux-x86_64, r-release-linux-x86_64, r-release-macos-arm64, r-release-macos-x86_64, r-release-windows-x86_64