CRAN Package Check Results for Package opendotaR

Last updated on 2025-10-26 05:50:05 CET.

Flavor Version Tinstall Tcheck Ttotal Status Flags
r-devel-linux-x86_64-debian-clang 0.1.4 1.38 19.82 21.20 NOTE
r-devel-linux-x86_64-debian-gcc 0.1.4 1.31 16.71 18.02 NOTE
r-devel-linux-x86_64-fedora-clang 0.1.4 28.95 NOTE
r-devel-linux-x86_64-fedora-gcc 0.1.4 28.58 NOTE
r-devel-windows-x86_64 0.1.4 15.00 38.00 53.00 OK
r-patched-linux-x86_64 0.1.4 1.86 17.65 19.51 OK
r-release-linux-x86_64 0.1.4 1.60 17.42 19.02 OK
r-release-macos-arm64 0.1.4 1.00 14.00 15.00 OK
r-release-macos-x86_64 0.1.4 1.00 22.00 23.00 OK
r-release-windows-x86_64 0.1.4 3.00 39.00 42.00 OK
r-oldrel-macos-arm64 0.1.4 1.00 13.00 14.00 NOTE
r-oldrel-macos-x86_64 0.1.4 2.00 18.00 20.00 NOTE
r-oldrel-windows-x86_64 0.1.4 3.00 44.00 47.00 NOTE

Check Details

Version: 0.1.4
Check: CRAN incoming feasibility
Result: NOTE Maintainer: ‘Kari Gunnarsson <kari.gunnarsson@outlook.com>’ No Authors@R field in DESCRIPTION. Please add one, modifying Authors@R: person(given = "Kari", family = "Gunnarsson", role = c("aut", "cre"), email = "kari.gunnarsson@outlook.com") as necessary. Flavors: r-devel-linux-x86_64-debian-clang, r-devel-linux-x86_64-debian-gcc

Version: 0.1.4
Check: dependencies in R code
Result: NOTE Namespace in Imports field not imported from: ‘dplyr’ All declared Imports should be used. Flavors: r-devel-linux-x86_64-fedora-clang, r-devel-linux-x86_64-fedora-gcc

Version: 0.1.4
Check: LazyData
Result: NOTE 'LazyData' is specified without a 'data' directory Flavors: r-oldrel-macos-arm64, r-oldrel-macos-x86_64, r-oldrel-windows-x86_64