Last updated on 2025-10-25 05:50:11 CEST.
| Flavor | Version | Tinstall | Tcheck | Ttotal | Status | Flags |
|---|---|---|---|---|---|---|
| r-devel-linux-x86_64-debian-clang | 0.5.81 | 1.95 | 22.76 | 24.71 | OK | |
| r-devel-linux-x86_64-debian-gcc | 0.5.81 | 1.62 | 19.18 | 20.80 | OK | |
| r-devel-linux-x86_64-fedora-clang | 0.5.81 | 36.64 | OK | |||
| r-devel-linux-x86_64-fedora-gcc | 0.5.81 | 34.83 | OK | |||
| r-devel-windows-x86_64 | 0.5.81 | 4.00 | 43.00 | 47.00 | OK | |
| r-patched-linux-x86_64 | 0.5.81 | 2.26 | 21.37 | 23.63 | OK | |
| r-release-linux-x86_64 | 0.5.81 | 2.03 | 21.44 | 23.47 | OK | |
| r-release-macos-arm64 | 0.5.81 | 1.00 | 17.00 | 18.00 | OK | |
| r-release-macos-x86_64 | 0.5.81 | 2.00 | 28.00 | 30.00 | OK | |
| r-release-windows-x86_64 | 0.5.81 | 4.00 | 44.00 | 48.00 | OK | |
| r-oldrel-macos-arm64 | 0.5.81 | 1.00 | 15.00 | 16.00 | NOTE | |
| r-oldrel-macos-x86_64 | 0.5.81 | 2.00 | 25.00 | 27.00 | NOTE | |
| r-oldrel-windows-x86_64 | 0.5.81 | 5.00 | 48.00 | 53.00 | NOTE |
Version: 0.5.81
Check: LazyData
Result: NOTE
'LazyData' is specified without a 'data' directory
Flavors: r-oldrel-macos-arm64, r-oldrel-macos-x86_64, r-oldrel-windows-x86_64