Last updated on 2025-10-25 09:49:38 CEST.
| Flavor | Version | Tinstall | Tcheck | Ttotal | Status | Flags |
|---|---|---|---|---|---|---|
| r-devel-linux-x86_64-debian-clang | 0.1.0 | 1.97 | 31.98 | 33.95 | NOTE | |
| r-devel-linux-x86_64-debian-gcc | 0.1.0 | 1.51 | 26.22 | 27.73 | NOTE | |
| r-devel-linux-x86_64-fedora-clang | 0.1.0 | 51.67 | NOTE | |||
| r-devel-linux-x86_64-fedora-gcc | 0.1.0 | 62.42 | NOTE | |||
| r-devel-windows-x86_64 | 0.1.0 | 4.00 | 56.00 | 60.00 | NOTE | |
| r-patched-linux-x86_64 | 0.1.0 | 2.09 | 29.46 | 31.55 | NOTE | |
| r-release-linux-x86_64 | 0.1.0 | 1.88 | 29.14 | 31.02 | NOTE | |
| r-release-macos-arm64 | 0.1.0 | 1.00 | 42.00 | 43.00 | NOTE | |
| r-release-macos-x86_64 | 0.1.0 | 2.00 | 59.00 | 61.00 | NOTE | |
| r-release-windows-x86_64 | 0.1.0 | 4.00 | 56.00 | 60.00 | NOTE | |
| r-oldrel-macos-arm64 | 0.1.0 | 1.00 | 35.00 | 36.00 | OK | |
| r-oldrel-macos-x86_64 | 0.1.0 | 2.00 | 57.00 | 59.00 | OK | |
| r-oldrel-windows-x86_64 | 0.1.0 | 5.00 | 67.00 | 72.00 | OK |
Version: 0.1.0
Check: DESCRIPTION meta-information
Result: NOTE
Missing dependency on R >= 4.1.0 because package code uses the pipe
|> or function shorthand \(...) syntax added in R 4.1.0.
File(s) using such syntax:
‘format_search_term.R’ ‘openFDA.R’
Flavors: r-devel-linux-x86_64-debian-clang, r-devel-linux-x86_64-debian-gcc, r-devel-linux-x86_64-fedora-clang, r-devel-linux-x86_64-fedora-gcc, r-devel-windows-x86_64, r-patched-linux-x86_64, r-release-linux-x86_64, r-release-macos-arm64, r-release-macos-x86_64, r-release-windows-x86_64