Last updated on 2025-10-26 09:50:03 CET.
| Flavor | Version | Tinstall | Tcheck | Ttotal | Status | Flags |
|---|---|---|---|---|---|---|
| r-devel-linux-x86_64-debian-clang | 1.3.2 | 31.98 | 62.04 | 94.02 | NOTE | |
| r-devel-linux-x86_64-debian-gcc | 1.3.2 | 19.81 | 48.08 | 67.89 | NOTE | |
| r-devel-linux-x86_64-fedora-clang | 1.3.2 | 96.00 | 71.66 | 167.66 | OK | |
| r-devel-linux-x86_64-fedora-gcc | 1.3.2 | 78.00 | 72.59 | 150.59 | OK | |
| r-devel-windows-x86_64 | 1.3.2 | 43.00 | 92.00 | 135.00 | OK | |
| r-patched-linux-x86_64 | 1.3.2 | 33.09 | 60.87 | 93.96 | OK | |
| r-release-linux-x86_64 | 1.3.2 | 34.20 | 60.25 | 94.45 | OK | |
| r-release-macos-arm64 | 1.3.2 | 15.00 | 33.00 | 48.00 | OK | |
| r-release-macos-x86_64 | 1.3.2 | 22.00 | 53.00 | 75.00 | OK | |
| r-release-windows-x86_64 | 1.3.2 | 43.00 | 92.00 | 135.00 | OK | |
| r-oldrel-macos-arm64 | 1.3.2 | 14.00 | 28.00 | 42.00 | OK | |
| r-oldrel-macos-x86_64 | 1.3.2 | 16.00 | 42.00 | 58.00 | OK | |
| r-oldrel-windows-x86_64 | 1.3.2 | 50.00 | 113.00 | 163.00 | OK |
Version: 1.3.2
Check: CRAN incoming feasibility
Result: NOTE
Maintainer: ‘David Degras <ddegrasv@gmail.com>’
No Authors@R field in DESCRIPTION.
Please add one, modifying
Authors@R: c(person(given = "David",
family = "Degras",
role = c("aut", "cre"),
email = "ddegrasv@gmail.com"),
person(given = "Herve",
family = "Cardot",
role = "ctb"))
as necessary.
Flavors: r-devel-linux-x86_64-debian-clang, r-devel-linux-x86_64-debian-gcc