Last updated on 2025-11-27 05:49:39 CET.
| Flavor | Version | Tinstall | Tcheck | Ttotal | Status | Flags |
|---|---|---|---|---|---|---|
| r-devel-linux-x86_64-debian-clang | 0.1.3 | 0.36 | 3.37 | 3.73 | ERROR | |
| r-devel-linux-x86_64-debian-gcc | 0.1.3 | 0.28 | 2.78 | 3.06 | ERROR | |
| r-devel-linux-x86_64-fedora-clang | 0.1.3 | 34.00 | 229.98 | 263.98 | OK | |
| r-devel-linux-x86_64-fedora-gcc | 0.1.3 | 46.00 | 232.72 | 278.72 | OK | |
| r-devel-windows-x86_64 | 0.1.3 | 22.00 | 145.00 | 167.00 | OK | |
| r-patched-linux-x86_64 | 0.1.3 | 0.32 | 1.89 | 2.21 | ERROR | |
| r-release-linux-x86_64 | 0.1.3 | 12.92 | 142.15 | 155.07 | OK | |
| r-release-macos-arm64 | 0.1.3 | OK | ||||
| r-release-macos-x86_64 | 0.1.3 | 12.00 | 109.00 | 121.00 | OK | |
| r-release-windows-x86_64 | 0.1.3 | 18.00 | 143.00 | 161.00 | OK | |
| r-oldrel-macos-arm64 | 0.1.3 | OK | ||||
| r-oldrel-macos-x86_64 | 0.1.3 | 12.00 | 139.00 | 151.00 | OK | |
| r-oldrel-windows-x86_64 | 0.1.3 | 25.00 | 188.00 | 213.00 | OK |
Version: 0.1.3
Check: package dependencies
Result: ERROR
Package required but not available: ‘tmap’
See section ‘The DESCRIPTION file’ in the ‘Writing R Extensions’
manual.
Flavors: r-devel-linux-x86_64-debian-clang, r-devel-linux-x86_64-debian-gcc, r-patched-linux-x86_64