CRAN Package Check Results for Package ofGEM

Last updated on 2025-10-26 01:49:56 CEST.

Flavor Version Tinstall Tcheck Ttotal Status Flags
r-devel-linux-x86_64-debian-clang 1.0 1.48 24.47 25.95 NOTE
r-devel-linux-x86_64-debian-gcc 1.0 1.56 20.30 21.86 NOTE
r-devel-linux-x86_64-fedora-clang 1.0 39.05 OK
r-devel-linux-x86_64-fedora-gcc 1.0 37.91 OK
r-devel-windows-x86_64 1.0 3.00 44.00 47.00 OK
r-patched-linux-x86_64 1.0 2.01 23.53 25.54 OK
r-release-linux-x86_64 1.0 2.10 23.23 25.33 OK
r-release-macos-arm64 1.0 1.00 17.00 18.00 OK
r-release-macos-x86_64 1.0 2.00 25.00 27.00 OK
r-release-windows-x86_64 1.0 3.00 45.00 48.00 OK
r-oldrel-macos-arm64 1.0 1.00 16.00 17.00 OK
r-oldrel-macos-x86_64 1.0 3.00 30.00 33.00 OK
r-oldrel-windows-x86_64 1.0 4.00 53.00 57.00 OK

Check Details

Version: 1.0
Check: CRAN incoming feasibility
Result: NOTE Maintainer: ‘Jiebiao Wang <randel.wang@gmail.com>’ No Authors@R field in DESCRIPTION. Please add one, modifying Authors@R: c(person(given = "Jiebiao", family = "Wang", role = c("aut", "cre"), email = "randel.wang@gmail.com"), person(given = "Qianying", family = "Liu", role = "aut"), person(given = c("Lin", "S."), family = "Chen", role = "aut")) as necessary. Flavors: r-devel-linux-x86_64-debian-clang, r-devel-linux-x86_64-debian-gcc