CRAN Package Check Results for Package odbc

Last updated on 2025-07-10 01:50:51 CEST.

Flavor Version Tinstall Tcheck Ttotal Status Flags
r-devel-linux-x86_64-debian-clang 1.6.1 68.81 72.01 140.82 OK
r-devel-linux-x86_64-debian-gcc 1.6.1 50.25 54.64 104.89 OK
r-devel-linux-x86_64-fedora-clang 1.6.1 263.83 OK
r-devel-linux-x86_64-fedora-gcc 1.6.1 260.15 OK
r-devel-windows-x86_64 1.6.1 106.00 111.00 217.00 OK
r-patched-linux-x86_64 1.6.1 74.06 67.88 141.94 OK
r-release-linux-x86_64 1.6.1 71.14 67.27 138.41 OK
r-release-macos-arm64 1.6.1 90.00 OK
r-release-macos-x86_64 1.6.1 129.00 OK
r-release-windows-x86_64 1.6.1 109.00 112.00 221.00 OK
r-oldrel-macos-arm64 1.6.1 75.00 NOTE
r-oldrel-macos-x86_64 1.6.1 141.00 NOTE
r-oldrel-windows-x86_64 1.6.1 130.00 135.00 265.00 OK

Check Details

Version: 1.6.1
Check: installed package size
Result: NOTE installed size is 11.6Mb sub-directories of 1Mb or more: libs 10.6Mb Flavors: r-oldrel-macos-arm64, r-oldrel-macos-x86_64