Last updated on 2025-10-25 17:48:45 CEST.
| Flavor | Version | Tinstall | Tcheck | Ttotal | Status | Flags |
|---|---|---|---|---|---|---|
| r-devel-linux-x86_64-debian-clang | 1.1.0 | 5.54 | 256.83 | 262.37 | NOTE | |
| r-devel-linux-x86_64-debian-gcc | 1.1.0 | 4.14 | 172.05 | 176.19 | NOTE | |
| r-devel-linux-x86_64-fedora-clang | 1.1.0 | 12.00 | 381.64 | 393.64 | OK | |
| r-devel-linux-x86_64-fedora-gcc | 1.1.0 | 13.00 | 382.36 | 395.36 | OK | |
| r-devel-windows-x86_64 | 1.1.0 | 20.00 | 227.00 | 247.00 | OK | |
| r-patched-linux-x86_64 | 1.1.0 | 4.61 | 240.23 | 244.84 | OK | |
| r-release-linux-x86_64 | 1.1.0 | 6.00 | 241.85 | 247.85 | OK | |
| r-release-macos-arm64 | 1.1.0 | 3.00 | 97.00 | 100.00 | OK | |
| r-release-macos-x86_64 | 1.1.0 | 6.00 | 196.00 | 202.00 | OK | |
| r-release-windows-x86_64 | 1.1.0 | 8.00 | 230.00 | 238.00 | OK | |
| r-oldrel-macos-arm64 | 1.1.0 | 3.00 | 103.00 | 106.00 | OK | |
| r-oldrel-macos-x86_64 | 1.1.0 | 6.00 | 303.00 | 309.00 | OK | |
| r-oldrel-windows-x86_64 | 1.1.0 | 11.00 | 296.00 | 307.00 | OK |
Version: 1.1.0
Check: CRAN incoming feasibility
Result: NOTE
Maintainer: ‘Moritz Hennicke <AAoritz@posteo.de>’
The BugReports field in DESCRIPTION has
https://github.com/ropensci/nuts
which should likely be
https://github.com/ropensci/nuts/issues
instead.
Flavors: r-devel-linux-x86_64-debian-clang, r-devel-linux-x86_64-debian-gcc