Last updated on 2025-10-25 09:49:37 CEST.
| Flavor | Version | Tinstall | Tcheck | Ttotal | Status | Flags |
|---|---|---|---|---|---|---|
| r-devel-linux-x86_64-debian-clang | 2.8 | 34.17 | 78.65 | 112.82 | NOTE | |
| r-devel-linux-x86_64-debian-gcc | 2.8 | 20.45 | 52.56 | 73.01 | NOTE | |
| r-devel-linux-x86_64-fedora-clang | 2.8 | 65.00 | 101.94 | 166.94 | OK | |
| r-devel-linux-x86_64-fedora-gcc | 2.8 | 179.00 | -8.89 | 170.11 | NOTE | |
| r-devel-windows-x86_64 | 2.8 | 38.00 | 94.00 | 132.00 | OK | |
| r-patched-linux-x86_64 | 2.8 | 28.15 | 74.45 | 102.60 | OK | |
| r-release-linux-x86_64 | 2.8 | 25.89 | 75.46 | 101.35 | OK | |
| r-release-macos-arm64 | 2.8 | 17.00 | 30.00 | 47.00 | OK | |
| r-release-macos-x86_64 | 2.8 | 36.00 | 79.00 | 115.00 | OK | |
| r-release-windows-x86_64 | 2.8 | 38.00 | 102.00 | 140.00 | OK | |
| r-oldrel-macos-arm64 | 2.8 | 15.00 | 30.00 | 45.00 | OK | |
| r-oldrel-macos-x86_64 | 2.8 | 26.00 | 57.00 | 83.00 | OK | |
| r-oldrel-windows-x86_64 | 2.8 | 35.00 | 92.00 | 127.00 | OK |
Version: 2.8
Check: Rd files
Result: NOTE
checkRd: (-1) analyseBINdata.Rd:106-113: Only 3 columns allowed in this table (row 1 has 2)
checkRd: (-1) analyseBINdata.Rd:106-113: Only 3 columns allowed in this table (row 2 has 2)
checkRd: (-1) analyseBINdata.Rd:106-113: Only 3 columns allowed in this table (row 3 has 2)
checkRd: (-1) analyseBINdata.Rd:106-113: Only 3 columns allowed in this table (row 4 has 2)
checkRd: (-1) analyseBINdata.Rd:106-113: Only 3 columns allowed in this table (row 5 has 2)
checkRd: (-1) analyseBINdata.Rd:106-113: Only 3 columns allowed in this table (row 6 has 2)
checkRd: (-1) analyseBINdata.Rd:116-123: Only 3 columns allowed in this table (row 1 has 2)
checkRd: (-1) analyseBINdata.Rd:116-123: Only 3 columns allowed in this table (row 2 has 2)
checkRd: (-1) analyseBINdata.Rd:116-123: Only 3 columns allowed in this table (row 3 has 2)
checkRd: (-1) analyseBINdata.Rd:116-123: Only 3 columns allowed in this table (row 4 has 2)
checkRd: (-1) analyseBINdata.Rd:116-123: Only 3 columns allowed in this table (row 5 has 2)
checkRd: (-1) analyseBINdata.Rd:116-123: Only 3 columns allowed in this table (row 6 has 2)
checkRd: (-1) analyseBINdata.Rd:126-133: Only 3 columns allowed in this table (row 1 has 2)
checkRd: (-1) analyseBINdata.Rd:126-133: Only 3 columns allowed in this table (row 2 has 2)
checkRd: (-1) analyseBINdata.Rd:126-133: Only 3 columns allowed in this table (row 3 has 2)
checkRd: (-1) analyseBINdata.Rd:126-133: Only 3 columns allowed in this table (row 4 has 2)
checkRd: (-1) analyseBINdata.Rd:126-133: Only 3 columns allowed in this table (row 5 has 2)
checkRd: (-1) analyseBINdata.Rd:126-133: Only 3 columns allowed in this table (row 6 has 2)
checkRd: (-1) as_analyseBIN.Rd:38-45: Only 3 columns allowed in this table (row 1 has 2)
checkRd: (-1) as_analyseBIN.Rd:38-45: Only 3 columns allowed in this table (row 2 has 2)
checkRd: (-1) as_analyseBIN.Rd:38-45: Only 3 columns allowed in this table (row 3 has 2)
checkRd: (-1) as_analyseBIN.Rd:38-45: Only 3 columns allowed in this table (row 4 has 2)
checkRd: (-1) as_analyseBIN.Rd:38-45: Only 3 columns allowed in this table (row 5 has 2)
checkRd: (-1) as_analyseBIN.Rd:38-45: Only 3 columns allowed in this table (row 6 has 2)
checkRd: (-1) fastED.Rd:72-82: Only 3 columns allowed in this table (row 1 has 2)
checkRd: (-1) fastED.Rd:72-82: Only 3 columns allowed in this table (row 2 has 2)
checkRd: (-1) fastED.Rd:72-82: Only 3 columns allowed in this table (row 3 has 2)
checkRd: (-1) fastED.Rd:72-82: Only 3 columns allowed in this table (row 4 has 2)
checkRd: (-1) fastED.Rd:72-82: Only 3 columns allowed in this table (row 5 has 2)
checkRd: (-1) fastED.Rd:72-82: Only 3 columns allowed in this table (row 6 has 2)
checkRd: (-1) fastED.Rd:72-82: Only 3 columns allowed in this table (row 7 has 2)
checkRd: (-1) fastED.Rd:72-82: Only 3 columns allowed in this table (row 8 has 2)
checkRd: (-1) fastED.Rd:72-82: Only 3 columns allowed in this table (row 9 has 2)
checkRd: (-1) fitGrowth.Rd:85-92: Only 3 columns allowed in this table (row 1 has 2)
checkRd: (-1) fitGrowth.Rd:85-92: Only 3 columns allowed in this table (row 2 has 2)
checkRd: (-1) fitGrowth.Rd:85-92: Only 3 columns allowed in this table (row 3 has 2)
checkRd: (-1) fitGrowth.Rd:85-92: Only 3 columns allowed in this table (row 4 has 2)
checkRd: (-1) fitGrowth.Rd:85-92: Only 3 columns allowed in this table (row 5 has 2)
checkRd: (-1) fitGrowth.Rd:85-92: Only 3 columns allowed in this table (row 6 has 2)
checkRd: (-1) fitGrowth.Rd:97-104: Only 3 columns allowed in this table (row 1 has 2)
checkRd: (-1) fitGrowth.Rd:97-104: Only 3 columns allowed in this table (row 2 has 2)
checkRd: (-1) fitGrowth.Rd:97-104: Only 3 columns allowed in this table (row 3 has 2)
checkRd: (-1) fitGrowth.Rd:97-104: Only 3 columns allowed in this table (row 4 has 2)
checkRd: (-1) fitGrowth.Rd:97-104: Only 3 columns allowed in this table (row 5 has 2)
checkRd: (-1) fitGrowth.Rd:97-104: Only 3 columns allowed in this table (row 6 has 2)
Flavors: r-devel-linux-x86_64-debian-clang, r-devel-linux-x86_64-debian-gcc, r-devel-linux-x86_64-fedora-gcc