Last updated on 2025-10-26 13:50:02 CET.
| Flavor | Version | Tinstall | Tcheck | Ttotal | Status | Flags |
|---|---|---|---|---|---|---|
| r-devel-linux-x86_64-debian-clang | 0.1.0 | 5.48 | 52.17 | 57.65 | OK | |
| r-devel-linux-x86_64-debian-gcc | 0.1.0 | 4.81 | 39.98 | 44.79 | OK | |
| r-devel-linux-x86_64-fedora-clang | 0.1.0 | 13.00 | 73.80 | 86.80 | OK | |
| r-devel-linux-x86_64-fedora-gcc | 0.1.0 | 11.00 | 73.21 | 84.21 | OK | |
| r-devel-windows-x86_64 | 0.1.0 | 7.00 | 62.00 | 69.00 | OK | |
| r-patched-linux-x86_64 | 0.1.0 | 5.07 | 50.18 | 55.25 | OK | |
| r-release-linux-x86_64 | 0.1.0 | 5.54 | 51.05 | 56.59 | OK | |
| r-release-macos-arm64 | 0.1.0 | 3.00 | 28.00 | 31.00 | OK | |
| r-release-macos-x86_64 | 0.1.0 | 5.00 | 45.00 | 50.00 | OK | |
| r-release-windows-x86_64 | 0.1.0 | 7.00 | 64.00 | 71.00 | OK | |
| r-oldrel-macos-arm64 | 0.1.0 | 3.00 | 27.00 | 30.00 | NOTE | |
| r-oldrel-macos-x86_64 | 0.1.0 | 5.00 | 36.00 | 41.00 | NOTE | |
| r-oldrel-windows-x86_64 | 0.1.0 | 9.00 | 74.00 | 83.00 | NOTE |
Version: 0.1.0
Check: LazyData
Result: NOTE
'LazyData' is specified without a 'data' directory
Flavors: r-oldrel-macos-arm64, r-oldrel-macos-x86_64, r-oldrel-windows-x86_64