Last updated on 2025-11-26 17:50:00 CET.
| Flavor | Version | Tinstall | Tcheck | Ttotal | Status | Flags |
|---|---|---|---|---|---|---|
| r-devel-linux-x86_64-debian-clang | 2.2 | 7.93 | 52.48 | 60.41 | NOTE | |
| r-devel-linux-x86_64-debian-gcc | 2.2 | 4.95 | 36.61 | 41.56 | NOTE | |
| r-devel-linux-x86_64-fedora-clang | 2.2 | 18.00 | 74.37 | 92.37 | OK | |
| r-devel-linux-x86_64-fedora-gcc | 2.2 | 17.00 | 72.11 | 89.11 | OK | |
| r-devel-windows-x86_64 | 2.2 | 9.00 | 64.00 | 73.00 | OK | |
| r-patched-linux-x86_64 | 2.2 | 8.69 | 48.62 | 57.31 | OK | |
| r-release-linux-x86_64 | 2.2 | 7.28 | 48.11 | 55.39 | OK | |
| r-release-macos-arm64 | 2.2 | OK | ||||
| r-release-macos-x86_64 | 2.2 | 8.00 | 55.00 | 63.00 | OK | |
| r-release-windows-x86_64 | 2.2 | 9.00 | 89.00 | 98.00 | OK | |
| r-oldrel-macos-arm64 | 2.2 | OK | ||||
| r-oldrel-macos-x86_64 | 2.2 | 5.00 | 34.00 | 39.00 | OK | |
| r-oldrel-windows-x86_64 | 2.2 | 8.00 | 78.00 | 86.00 | OK |
Version: 2.2
Check: CRAN incoming feasibility
Result: NOTE
Maintainer: ‘Frank Konietschke <frank.konietschke@charite.de>’
No Authors@R field in DESCRIPTION.
Please add one, modifying
Authors@R: c(person(given = "Kimihiro",
family = "Noguchi",
role = "aut",
email = "noguchk@wwu.edu"),
person(given = "Mahbub",
family = "Latif",
role = "aut",
email = "mlatif@isrt.ac.bd"),
person(given = "Karthinathan",
family = "Thangavelu",
role = "aut"),
person(given = "Frank",
family = "Konietschke",
role = c("aut", "cre"),
email = "frank.konietschke@charite.de"),
person(given = c("Yulia", "R."),
family = "Gel",
role = "aut",
email = "yxg142030@utdallas.edu"),
person(given = "Edgar",
family = "Brunner",
role = "aut",
email = "ebrunne1@gwdg.de"))
as necessary.
Package CITATION file contains call(s) to old-style personList() or
as.personList(). Please use c() on person objects instead.
Package CITATION file contains call(s) to old-style citEntry(). Please
use bibentry() instead.
Flavors: r-devel-linux-x86_64-debian-clang, r-devel-linux-x86_64-debian-gcc