Last updated on 2025-10-26 05:50:05 CET.
| Flavor | Version | Tinstall | Tcheck | Ttotal | Status | Flags |
|---|---|---|---|---|---|---|
| r-devel-linux-x86_64-debian-clang | 0.5-13 | 8.51 | 74.13 | 82.64 | NOTE | |
| r-devel-linux-x86_64-debian-gcc | 0.5-13 | 5.69 | 52.84 | 58.53 | NOTE | |
| r-devel-linux-x86_64-fedora-clang | 0.5-13 | 22.00 | 105.76 | 127.76 | OK | |
| r-devel-linux-x86_64-fedora-gcc | 0.5-13 | 18.00 | 104.02 | 122.02 | OK | |
| r-devel-windows-x86_64 | 0.5-13 | 10.00 | 85.00 | 95.00 | NOTE | |
| r-patched-linux-x86_64 | 0.5-13 | 8.18 | 69.22 | 77.40 | NOTE | |
| r-release-linux-x86_64 | 0.5-13 | 8.01 | 69.93 | 77.94 | NOTE | |
| r-release-macos-arm64 | 0.5-13 | 3.00 | 28.00 | 31.00 | OK | |
| r-release-macos-x86_64 | 0.5-13 | 7.00 | 48.00 | 55.00 | OK | |
| r-release-windows-x86_64 | 0.5-13 | 10.00 | 88.00 | 98.00 | NOTE | |
| r-oldrel-macos-arm64 | 0.5-13 | 4.00 | 31.00 | 35.00 | OK | |
| r-oldrel-macos-x86_64 | 0.5-13 | 6.00 | 58.00 | 64.00 | OK | |
| r-oldrel-windows-x86_64 | 0.5-13 | 14.00 | 109.00 | 123.00 | OK |
Version: 0.5-13
Check: CRAN incoming feasibility
Result: NOTE
Maintainer: ‘Dong-hyun Oh <oh.donghyun77@gmail.com>’
No Authors@R field in DESCRIPTION.
Please add one, modifying
Authors@R: c(person(given = "Dong-hyun",
family = "Oh",
role = c("aut", "cre"),
email = "oh.donghyun77@gmail.com"),
person(given = "Dukrok",
family = "Suh",
role = "aut",
email = "dukrok@kist.re.kr"))
as necessary.
Flavors: r-devel-linux-x86_64-debian-clang, r-devel-linux-x86_64-debian-gcc
Version: 0.5-13
Check: Rd cross-references
Result: NOTE
Found the following Rd file(s) with Rd \link{} targets missing package
anchors:
lp2.Rd: lp
Please provide package anchors for all Rd \link{} targets not in the
package itself and the base packages.
Flavors: r-devel-linux-x86_64-debian-clang, r-devel-linux-x86_64-debian-gcc, r-devel-windows-x86_64, r-patched-linux-x86_64, r-release-linux-x86_64, r-release-windows-x86_64