Last updated on 2025-10-26 21:51:10 CET.
| Flavor | Version | Tinstall | Tcheck | Ttotal | Status | Flags |
|---|---|---|---|---|---|---|
| r-devel-linux-x86_64-debian-clang | 0.2.2 | 14.71 | 45.95 | 60.66 | OK | |
| r-devel-linux-x86_64-debian-gcc | 0.2.2 | 10.42 | 32.99 | 43.41 | OK | |
| r-devel-linux-x86_64-fedora-clang | 0.2.2 | 41.00 | 59.45 | 100.45 | NOTE | |
| r-devel-linux-x86_64-fedora-gcc | 0.2.2 | 32.00 | 64.10 | 96.10 | NOTE | |
| r-devel-windows-x86_64 | 0.2.2 | 16.00 | 77.00 | 93.00 | OK | |
| r-patched-linux-x86_64 | 0.2.2 | 15.96 | 42.49 | 58.45 | OK | |
| r-release-linux-x86_64 | 0.2.2 | 14.25 | 42.22 | 56.47 | OK | |
| r-release-macos-arm64 | 0.2.2 | 8.00 | 27.00 | 35.00 | OK | |
| r-release-macos-x86_64 | 0.2.2 | 17.00 | 72.00 | 89.00 | OK | |
| r-release-windows-x86_64 | 0.2.2 | 18.00 | 80.00 | 98.00 | OK | |
| r-oldrel-macos-arm64 | 0.2.2 | 7.00 | 22.00 | 29.00 | NOTE | |
| r-oldrel-macos-x86_64 | 0.2.2 | 16.00 | 37.00 | 53.00 | NOTE | |
| r-oldrel-windows-x86_64 | 0.2.2 | 18.00 | 97.00 | 115.00 | NOTE |
Version: 0.2.2
Check: compiled code
Result: NOTE
File ‘noncompliance/libs/noncompliance.so’:
Found no calls to: ‘R_registerRoutines’, ‘R_useDynamicSymbols’
It is good practice to register native routines and to disable symbol
search.
See ‘Writing portable packages’ in the ‘Writing R Extensions’ manual.
Flavors: r-devel-linux-x86_64-fedora-clang, r-devel-linux-x86_64-fedora-gcc
Version: 0.2.2
Check: LazyData
Result: NOTE
'LazyData' is specified without a 'data' directory
Flavors: r-oldrel-macos-arm64, r-oldrel-macos-x86_64, r-oldrel-windows-x86_64