Last updated on 2025-10-26 09:50:03 CET.
| Flavor | Version | Tinstall | Tcheck | Ttotal | Status | Flags |
|---|---|---|---|---|---|---|
| r-devel-linux-x86_64-debian-clang | 0.1.2.3 | 84.78 | 69.13 | 153.91 | NOTE | |
| r-devel-linux-x86_64-debian-gcc | 0.1.2.3 | 48.06 | 48.31 | 96.37 | NOTE | |
| r-devel-linux-x86_64-fedora-clang | 0.1.2.3 | 188.00 | 111.01 | 299.01 | OK | |
| r-devel-linux-x86_64-fedora-gcc | 0.1.2.3 | 166.00 | 96.67 | 262.67 | OK | |
| r-devel-windows-x86_64 | 0.1.2.3 | 106.00 | 94.00 | 200.00 | OK | |
| r-patched-linux-x86_64 | 0.1.2.3 | 81.17 | 64.43 | 145.60 | OK | |
| r-release-linux-x86_64 | 0.1.2.3 | 79.99 | 64.97 | 144.96 | OK | |
| r-release-macos-arm64 | 0.1.2.3 | 34.00 | 48.00 | 82.00 | OK | |
| r-release-macos-x86_64 | 0.1.2.3 | 48.00 | 67.00 | 115.00 | OK | |
| r-release-windows-x86_64 | 0.1.2.3 | 112.00 | 96.00 | 208.00 | OK | |
| r-oldrel-macos-arm64 | 0.1.2.3 | 35.00 | 38.00 | 73.00 | OK | |
| r-oldrel-macos-x86_64 | 0.1.2.3 | 44.00 | 56.00 | 100.00 | OK | |
| r-oldrel-windows-x86_64 | 0.1.2.3 | 125.00 | 125.00 | 250.00 | OK |
Version: 0.1.2.3
Check: CRAN incoming feasibility
Result: NOTE
Maintainer: ‘Valentin Kilian <valentin.kilian@ens-rennes.fr>’
The Description field contains
<arXiv:2402.19021>.
Please refer to arXiv e-prints via their arXiv DOI <doi:10.48550/arXiv.YYMM.NNNNN>.
Flavors: r-devel-linux-x86_64-debian-clang, r-devel-linux-x86_64-debian-gcc