CRAN Package Check Results for Package nnt

Last updated on 2025-07-12 21:50:50 CEST.

Flavor Version Tinstall Tcheck Ttotal Status Flags
r-devel-linux-x86_64-debian-clang 0.1.4 6.68 52.62 59.30 NOTE
r-devel-linux-x86_64-debian-gcc 0.1.4 4.95 41.60 46.55 NOTE
r-devel-linux-x86_64-fedora-clang 0.1.4 90.62 OK
r-devel-linux-x86_64-fedora-gcc 0.1.4 87.69 OK
r-devel-windows-x86_64 0.1.4 7.00 65.00 72.00 OK
r-patched-linux-x86_64 0.1.4 7.12 50.46 57.58 OK
r-release-linux-x86_64 0.1.4 6.38 50.12 56.50 OK
r-release-macos-arm64 0.1.4 32.00 OK
r-release-macos-x86_64 0.1.4 56.00 OK
r-release-windows-x86_64 0.1.4 7.00 67.00 74.00 OK
r-oldrel-macos-arm64 0.1.4 29.00 NOTE
r-oldrel-macos-x86_64 0.1.4 46.00 NOTE
r-oldrel-windows-x86_64 0.1.4 10.00 74.00 84.00 NOTE

Check Details

Version: 0.1.4
Check: CRAN incoming feasibility
Result: NOTE Maintainer: ‘Zhao Yang <yangz98@connect.hku.hk>’ No Authors@R field in DESCRIPTION. Please add one, modifying Authors@R: person(given = "Zhao", family = "Yang", role = c("aut", "cre"), email = "yangz98@connect.hku.hk") as necessary. Flavors: r-devel-linux-x86_64-debian-clang, r-devel-linux-x86_64-debian-gcc

Version: 0.1.4
Check: LazyData
Result: NOTE 'LazyData' is specified without a 'data' directory Flavors: r-oldrel-macos-arm64, r-oldrel-macos-x86_64, r-oldrel-windows-x86_64