Last updated on 2025-10-25 13:48:44 CEST.
| Flavor | Version | Tinstall | Tcheck | Ttotal | Status | Flags |
|---|---|---|---|---|---|---|
| r-devel-linux-x86_64-debian-clang | 0.3.1 | 7.80 | 63.73 | 71.53 | NOTE | |
| r-devel-linux-x86_64-debian-gcc | 0.3.1 | 5.19 | 46.55 | 51.74 | NOTE | |
| r-devel-linux-x86_64-fedora-clang | 0.3.1 | 65.00 | 48.44 | 113.44 | OK | |
| r-devel-linux-x86_64-fedora-gcc | 0.3.1 | 48.00 | 61.30 | 109.30 | NOTE | |
| r-devel-windows-x86_64 | 0.3.1 | 9.00 | 73.00 | 82.00 | OK | |
| r-patched-linux-x86_64 | 0.3.1 | 6.75 | 58.07 | 64.82 | OK | |
| r-release-linux-x86_64 | 0.3.1 | 7.46 | 58.41 | 65.87 | OK | |
| r-release-macos-arm64 | 0.3.1 | 5.00 | 49.00 | 54.00 | OK | |
| r-release-macos-x86_64 | 0.3.1 | 7.00 | 51.00 | 58.00 | OK | |
| r-release-windows-x86_64 | 0.3.1 | 12.00 | 73.00 | 85.00 | OK | |
| r-oldrel-macos-arm64 | 0.3.1 | 4.00 | 30.00 | 34.00 | OK | |
| r-oldrel-macos-x86_64 | 0.3.1 | 6.00 | 41.00 | 47.00 | OK | |
| r-oldrel-windows-x86_64 | 0.3.1 | 14.00 | 92.00 | 106.00 | OK |
Version: 0.3.1
Check: CRAN incoming feasibility
Result: NOTE
Maintainer: ‘Joseph Stachelek <stachel2@msu.edu>’
Package CITATION file contains call(s) to old-style personList() or
as.personList(). Please use c() on person objects instead.
Package CITATION file contains call(s) to old-style citEntry(). Please
use bibentry() instead.
Flavors: r-devel-linux-x86_64-debian-clang, r-devel-linux-x86_64-debian-gcc
Version: 0.3.1
Check: Rd files
Result: NOTE
checkRd: (-1) nes.Rd:16-56: Only 3 columns allowed in this table (row 13 has 2)
Flavors: r-devel-linux-x86_64-debian-clang, r-devel-linux-x86_64-debian-gcc, r-devel-linux-x86_64-fedora-gcc