Last updated on 2025-11-26 17:50:00 CET.
| Flavor | Version | Tinstall | Tcheck | Ttotal | Status | Flags |
|---|---|---|---|---|---|---|
| r-devel-linux-x86_64-debian-clang | 0.9.0 | 10.64 | 125.48 | 136.12 | NOTE | |
| r-devel-linux-x86_64-debian-gcc | 0.9.0 | 7.40 | 98.30 | 105.70 | NOTE | |
| r-devel-linux-x86_64-fedora-clang | 0.9.0 | 23.00 | 183.34 | 206.34 | OK | |
| r-devel-linux-x86_64-fedora-gcc | 0.9.0 | 23.00 | 214.11 | 237.11 | OK | |
| r-devel-windows-x86_64 | 0.9.0 | 23.00 | 137.00 | 160.00 | OK | |
| r-patched-linux-x86_64 | 0.9.0 | 10.79 | 134.47 | 145.26 | OK | |
| r-release-linux-x86_64 | 0.9.0 | 8.96 | 133.74 | 142.70 | OK | |
| r-release-macos-arm64 | 0.9.0 | OK | ||||
| r-release-macos-x86_64 | 0.9.0 | 11.00 | 147.00 | 158.00 | OK | |
| r-release-windows-x86_64 | 0.9.0 | 15.00 | 151.00 | 166.00 | OK | |
| r-oldrel-macos-arm64 | 0.9.0 | NOTE | ||||
| r-oldrel-macos-x86_64 | 0.9.0 | 8.00 | 106.00 | 114.00 | NOTE | |
| r-oldrel-windows-x86_64 | 0.9.0 | 19.00 | 178.00 | 197.00 | NOTE |
Version: 0.9.0
Check: CRAN incoming feasibility
Result: NOTE
Maintainer: ‘Guo Yu <gy63@cornell.edu>’
The Description field contains
high-dimensional linear models of Yu, Bien (2017) <arXiv:1712.02412>.
Please refer to arXiv e-prints via their arXiv DOI <doi:10.48550/arXiv.YYMM.NNNNN>.
Flavors: r-devel-linux-x86_64-debian-clang, r-devel-linux-x86_64-debian-gcc
Version: 0.9.0
Check: LazyData
Result: NOTE
'LazyData' is specified without a 'data' directory
Flavors: r-oldrel-macos-arm64, r-oldrel-macos-x86_64, r-oldrel-windows-x86_64