Last updated on 2025-10-26 01:49:55 CEST.
| Flavor | Version | Tinstall | Tcheck | Ttotal | Status | Flags |
|---|---|---|---|---|---|---|
| r-devel-linux-x86_64-debian-clang | 1.1 | 8.93 | 73.53 | 82.46 | NOTE | |
| r-devel-linux-x86_64-debian-gcc | 1.1 | 6.17 | 55.97 | 62.14 | NOTE | |
| r-devel-linux-x86_64-fedora-clang | 1.1 | 31.00 | 101.34 | 132.34 | OK | |
| r-devel-linux-x86_64-fedora-gcc | 1.1 | 30.00 | 97.83 | 127.83 | NOTE | |
| r-devel-windows-x86_64 | 1.1 | 10.00 | 82.00 | 92.00 | OK | |
| r-patched-linux-x86_64 | 1.1 | 9.16 | 70.68 | 79.84 | OK | |
| r-release-linux-x86_64 | 1.1 | 8.25 | 71.12 | 79.37 | OK | |
| r-release-macos-arm64 | 1.1 | 4.00 | 38.00 | 42.00 | OK | |
| r-release-macos-x86_64 | 1.1 | 9.00 | 64.00 | 73.00 | OK | |
| r-release-windows-x86_64 | 1.1 | 9.00 | 83.00 | 92.00 | OK | |
| r-oldrel-macos-arm64 | 1.1 | 4.00 | 36.00 | 40.00 | OK | |
| r-oldrel-macos-x86_64 | 1.1 | 27.00 | 115.00 | 142.00 | OK | |
| r-oldrel-windows-x86_64 | 1.1 | 14.00 | 101.00 | 115.00 | OK |
Version: 1.1
Check: Rd files
Result: NOTE
checkRd: (-1) mvhtests-package.Rd:11-17: Only 3 columns allowed in this table (row 1 has 2)
checkRd: (-1) mvhtests-package.Rd:11-17: Only 3 columns allowed in this table (row 2 has 2)
checkRd: (-1) mvhtests-package.Rd:11-17: Only 3 columns allowed in this table (row 3 has 2)
checkRd: (-1) mvhtests-package.Rd:11-17: Only 3 columns allowed in this table (row 4 has 2)
checkRd: (-1) mvhtests-package.Rd:11-17: Only 3 columns allowed in this table (row 5 has 2)
Flavors: r-devel-linux-x86_64-debian-clang, r-devel-linux-x86_64-debian-gcc, r-devel-linux-x86_64-fedora-gcc