Last updated on 2025-11-26 05:51:43 CET.
| Flavor | Version | Tinstall | Tcheck | Ttotal | Status | Flags |
|---|---|---|---|---|---|---|
| r-devel-linux-x86_64-debian-clang | 0.1.5 | 6.79 | 178.81 | 185.60 | OK | |
| r-devel-linux-x86_64-debian-gcc | 0.1.5 | 5.02 | 119.61 | 124.63 | OK | |
| r-devel-linux-x86_64-fedora-clang | 0.1.5 | 36.00 | 275.43 | 311.43 | OK | |
| r-devel-linux-x86_64-fedora-gcc | 0.1.5 | 46.00 | 266.48 | 312.48 | OK | |
| r-devel-windows-x86_64 | 0.1.5 | 15.00 | 179.00 | 194.00 | OK | |
| r-patched-linux-x86_64 | 0.1.5 | 7.21 | 168.49 | 175.70 | OK | |
| r-release-linux-x86_64 | 0.1.5 | 6.74 | 170.99 | 177.73 | OK | |
| r-release-macos-arm64 | 0.1.5 | OK | ||||
| r-release-macos-x86_64 | 0.1.5 | 6.00 | 211.00 | 217.00 | OK | |
| r-release-windows-x86_64 | 0.1.5 | 9.00 | 178.00 | 187.00 | OK | |
| r-oldrel-macos-arm64 | 0.1.5 | NOTE | ||||
| r-oldrel-macos-x86_64 | 0.1.5 | 6.00 | 209.00 | 215.00 | NOTE | |
| r-oldrel-windows-x86_64 | 0.1.5 | 13.00 | 236.00 | 249.00 | NOTE |
Version: 0.1.5
Check: installed package size
Result: NOTE
installed size is 5.1Mb
sub-directories of 1Mb or more:
doc 4.3Mb
Flavors: r-oldrel-macos-arm64, r-oldrel-macos-x86_64, r-oldrel-windows-x86_64