Last updated on 2025-10-25 05:50:09 CEST.
| Flavor | Version | Tinstall | Tcheck | Ttotal | Status | Flags |
|---|---|---|---|---|---|---|
| r-devel-linux-x86_64-debian-clang | 1.5 | 11.79 | 82.73 | 94.52 | NOTE | |
| r-devel-linux-x86_64-debian-gcc | 1.5 | 7.83 | 60.33 | 68.16 | NOTE | |
| r-devel-linux-x86_64-fedora-clang | 1.5 | 27.00 | 117.13 | 144.13 | OK | |
| r-devel-linux-x86_64-fedora-gcc | 1.5 | 22.00 | 120.53 | 142.53 | OK | |
| r-devel-windows-x86_64 | 1.5 | 15.00 | 99.00 | 114.00 | OK | |
| r-patched-linux-x86_64 | 1.5 | 10.74 | 78.01 | 88.75 | OK | |
| r-release-linux-x86_64 | 1.5 | 9.73 | 80.02 | 89.75 | OK | |
| r-release-macos-arm64 | 1.5 | 7.00 | 40.00 | 47.00 | OK | |
| r-release-macos-x86_64 | 1.5 | 11.00 | 69.00 | 80.00 | OK | |
| r-release-windows-x86_64 | 1.5 | 15.00 | 102.00 | 117.00 | OK | |
| r-oldrel-macos-arm64 | 1.5 | 6.00 | 37.00 | 43.00 | OK | |
| r-oldrel-macos-x86_64 | 1.5 | 9.00 | 55.00 | 64.00 | OK | |
| r-oldrel-windows-x86_64 | 1.5 | 20.00 | 119.00 | 139.00 | OK |
Version: 1.5
Check: CRAN incoming feasibility
Result: NOTE
Maintainer: ‘Jose Ameijeiras-Alonso <jose.ameijeiras@usc.es>’
No Authors@R field in DESCRIPTION.
Please add one, modifying
Authors@R: c(person(given = "Jose",
family = "Ameijeiras-Alonso",
role = c("aut", "cre"),
email = "jose.ameijeiras@usc.es"),
person(given = c("Rosa", "M."),
family = "Crujeiras",
role = "aut"),
person(given = "Alberto",
family = "Rodríguez-Casal",
role = "aut"),
person(given = c("The", "R", "Core", "Team"),
family = "1996-2012",
role = c("ctb", "cph"),
comment = "C function 'BinDist2' obtained from package 'stats'"),
person(given = c("The", "R", "Foundation"),
family = "2005",
role = c("ctb", "cph"),
comment = "C function 'BinDist2' obtained from package 'stats'"))
as necessary.
Flavors: r-devel-linux-x86_64-debian-clang, r-devel-linux-x86_64-debian-gcc