Last updated on 2025-11-26 09:51:22 CET.
| Flavor | Version | Tinstall | Tcheck | Ttotal | Status | Flags |
|---|---|---|---|---|---|---|
| r-devel-linux-x86_64-debian-clang | 0.1.0 | 8.03 | 73.61 | 81.64 | NOTE | |
| r-devel-linux-x86_64-debian-gcc | 0.1.0 | 6.92 | 56.15 | 63.07 | NOTE | |
| r-devel-linux-x86_64-fedora-clang | 0.1.0 | 20.00 | 108.59 | 128.59 | OK | |
| r-devel-linux-x86_64-fedora-gcc | 0.1.0 | 20.00 | 100.68 | 120.68 | OK | |
| r-devel-windows-x86_64 | 0.1.0 | 15.00 | 81.00 | 96.00 | OK | |
| r-patched-linux-x86_64 | 0.1.0 | 7.69 | 72.17 | 79.86 | OK | |
| r-release-linux-x86_64 | 0.1.0 | 8.41 | 71.76 | 80.17 | OK | |
| r-release-macos-arm64 | 0.1.0 | OK | ||||
| r-release-macos-x86_64 | 0.1.0 | 11.00 | 78.00 | 89.00 | OK | |
| r-release-windows-x86_64 | 0.1.0 | 10.00 | 104.00 | 114.00 | OK | |
| r-oldrel-macos-arm64 | 0.1.0 | OK | ||||
| r-oldrel-macos-x86_64 | 0.1.0 | 8.00 | 56.00 | 64.00 | OK | |
| r-oldrel-windows-x86_64 | 0.1.0 | 13.00 | 104.00 | 117.00 | OK |
Version: 0.1.0
Check: CRAN incoming feasibility
Result: NOTE
Maintainer: ‘Lukasz Smaga <ls@amu.edu.pl>’
The Description field contains
data (Munko et al., 2023, <arXiv:2306.15259>). These procedures enable
Please refer to arXiv e-prints via their arXiv DOI <doi:10.48550/arXiv.YYMM.NNNNN>.
Flavors: r-devel-linux-x86_64-debian-clang, r-devel-linux-x86_64-debian-gcc