Last updated on 2025-10-25 21:49:46 CEST.
| Flavor | Version | Tinstall | Tcheck | Ttotal | Status | Flags |
|---|---|---|---|---|---|---|
| r-devel-linux-x86_64-debian-clang | 1.0.5 | 30.04 | 135.15 | 165.19 | OK | |
| r-devel-linux-x86_64-debian-gcc | 1.0.5 | 24.60 | 98.61 | 123.21 | OK | |
| r-devel-linux-x86_64-fedora-clang | 1.0.5 | 65.00 | 199.11 | 264.11 | OK | |
| r-devel-linux-x86_64-fedora-gcc | 1.0.5 | 78.00 | 233.76 | 311.76 | OK | |
| r-devel-windows-x86_64 | 1.0.5 | 29.00 | 175.00 | 204.00 | OK | |
| r-patched-linux-x86_64 | 1.0.5 | 34.16 | 136.81 | 170.97 | OK | |
| r-release-linux-x86_64 | 1.0.5 | 32.57 | 140.10 | 172.67 | OK | |
| r-release-macos-arm64 | 1.0.5 | 14.00 | 70.00 | 84.00 | OK | |
| r-release-macos-x86_64 | 1.0.5 | 36.00 | 179.00 | 215.00 | OK | |
| r-release-windows-x86_64 | 1.0.5 | 33.00 | 173.00 | 206.00 | OK | |
| r-oldrel-macos-arm64 | 1.0.5 | 12.00 | 59.00 | 71.00 | NOTE | |
| r-oldrel-macos-x86_64 | 1.0.5 | 26.00 | 136.00 | 162.00 | NOTE | |
| r-oldrel-windows-x86_64 | 1.0.5 | 33.00 | 215.00 | 248.00 | OK |
Version: 1.0.5
Check: installed package size
Result: NOTE
installed size is 6.5Mb
sub-directories of 1Mb or more:
libs 5.9Mb
Flavors: r-oldrel-macos-arm64, r-oldrel-macos-x86_64