Last updated on 2025-10-25 09:49:36 CEST.
| Flavor | Version | Tinstall | Tcheck | Ttotal | Status | Flags |
|---|---|---|---|---|---|---|
| r-devel-linux-x86_64-debian-clang | 0.1.2 | 5.76 | 50.63 | 56.39 | NOTE | |
| r-devel-linux-x86_64-debian-gcc | 0.1.2 | 3.81 | 38.02 | 41.83 | NOTE | |
| r-devel-linux-x86_64-fedora-clang | 0.1.2 | 15.00 | 68.03 | 83.03 | OK | |
| r-devel-linux-x86_64-fedora-gcc | 0.1.2 | 11.00 | 79.71 | 90.71 | OK | |
| r-devel-windows-x86_64 | 0.1.2 | 6.00 | 64.00 | 70.00 | OK | |
| r-patched-linux-x86_64 | 0.1.2 | 5.32 | 45.30 | 50.62 | OK | |
| r-release-linux-x86_64 | 0.1.2 | 5.16 | 44.79 | 49.95 | OK | |
| r-release-macos-arm64 | 0.1.2 | 3.00 | 37.00 | 40.00 | OK | |
| r-release-macos-x86_64 | 0.1.2 | 4.00 | 59.00 | 63.00 | OK | |
| r-release-windows-x86_64 | 0.1.2 | 7.00 | 69.00 | 76.00 | OK | |
| r-oldrel-macos-arm64 | 0.1.2 | 2.00 | 29.00 | 31.00 | OK | |
| r-oldrel-macos-x86_64 | 0.1.2 | 4.00 | 45.00 | 49.00 | OK | |
| r-oldrel-windows-x86_64 | 0.1.2 | 10.00 | 82.00 | 92.00 | OK |
Version: 0.1.2
Check: CRAN incoming feasibility
Result: NOTE
Maintainer: ‘Phil Ferriere <pferriere@hotmail.com>’
Found the following (possibly) invalid file URI:
URI: ./CONDUCT.md
From: README.md
Flavors: r-devel-linux-x86_64-debian-clang, r-devel-linux-x86_64-debian-gcc