CRAN Package Check Results for Package msaeHB

Last updated on 2025-11-26 05:51:43 CET.

Flavor Version Tinstall Tcheck Ttotal Status Flags
r-devel-linux-x86_64-debian-clang 0.1.0 2.25 28.19 30.44 NOTE
r-devel-linux-x86_64-debian-gcc 0.1.0 1.61 21.33 22.94 NOTE
r-devel-linux-x86_64-fedora-clang 0.1.0 47.02 OK
r-devel-linux-x86_64-fedora-gcc 0.1.0 42.86 OK
r-devel-windows-x86_64 0.1.0 4.00 46.00 50.00 OK
r-patched-linux-x86_64 0.1.0 2.30 25.82 28.12 OK
r-release-linux-x86_64 0.1.0 2.15 25.88 28.03 OK
r-release-macos-arm64 0.1.0 OK
r-release-macos-x86_64 0.1.0 2.00 30.00 32.00 OK
r-release-windows-x86_64 0.1.0 3.00 62.00 65.00 OK
r-oldrel-macos-arm64 0.1.0 OK
r-oldrel-macos-x86_64 0.1.0 2.00 28.00 30.00 OK
r-oldrel-windows-x86_64 0.1.0 4.00 56.00 60.00 OK

Check Details

Version: 0.1.0
Check: CRAN incoming feasibility
Result: NOTE Maintainer: ‘Novia Permatasari <novia.permatasari@bps.go.id>’ No Authors@R field in DESCRIPTION. Please add one, modifying Authors@R: c(person(given = "Azka", family = "Ubaidillah", role = "aut"), person(given = "Novia", family = "Permatasari", role = c("aut", "cre"), email = "novia.permatasari@bps.go.id")) as necessary. Flavors: r-devel-linux-x86_64-debian-clang, r-devel-linux-x86_64-debian-gcc