Last updated on 2025-11-26 17:49:59 CET.
| Flavor | Version | Tinstall | Tcheck | Ttotal | Status | Flags |
|---|---|---|---|---|---|---|
| r-devel-linux-x86_64-debian-clang | 4.2.6 | 56.16 | 448.77 | 504.93 | OK | |
| r-devel-linux-x86_64-debian-gcc | 4.2.6 | 36.43 | 289.15 | 325.58 | OK | |
| r-devel-linux-x86_64-fedora-clang | 4.2.6 | 429.00 | 438.59 | 867.59 | OK | |
| r-devel-linux-x86_64-fedora-gcc | 4.2.6 | 468.00 | 398.46 | 866.46 | OK | |
| r-devel-windows-x86_64 | 4.2.6 | 65.00 | 426.00 | 491.00 | OK | |
| r-patched-linux-x86_64 | 4.2.6 | 58.46 | 427.87 | 486.33 | OK | |
| r-release-linux-x86_64 | 4.2.6 | 57.91 | 428.47 | 486.38 | OK | |
| r-release-macos-arm64 | 4.2.6 | OK | ||||
| r-release-macos-x86_64 | 4.2.6 | 61.00 | 391.00 | 452.00 | OK | |
| r-release-windows-x86_64 | 4.2.6 | 58.00 | 419.00 | 477.00 | OK | |
| r-oldrel-macos-arm64 | 4.2.6 | NOTE | ||||
| r-oldrel-macos-x86_64 | 4.2.6 | 48.00 | 301.00 | 349.00 | NOTE | |
| r-oldrel-windows-x86_64 | 4.2.6 | 79.00 | 582.00 | 661.00 | OK |
Version: 4.2.6
Check: installed package size
Result: NOTE
installed size is 5.4Mb
sub-directories of 1Mb or more:
R 2.0Mb
Flavors: r-oldrel-macos-arm64, r-oldrel-macos-x86_64