Last updated on 2025-11-26 09:51:22 CET.
| Flavor | Version | Tinstall | Tcheck | Ttotal | Status | Flags |
|---|---|---|---|---|---|---|
| r-devel-linux-x86_64-debian-clang | 0.9-8 | 9.27 | 192.88 | 202.15 | NOTE | |
| r-devel-linux-x86_64-debian-gcc | 0.9-8 | 7.10 | 132.05 | 139.15 | NOTE | |
| r-devel-linux-x86_64-fedora-clang | 0.9-8 | 52.00 | 286.80 | 338.80 | NOTE | |
| r-devel-linux-x86_64-fedora-gcc | 0.9-8 | 21.00 | 281.79 | 302.79 | NOTE | |
| r-devel-windows-x86_64 | 0.9-8 | 13.00 | 173.00 | 186.00 | NOTE | |
| r-patched-linux-x86_64 | 0.9-8 | 10.60 | 184.40 | 195.00 | NOTE | |
| r-release-linux-x86_64 | 0.9-8 | 9.49 | 183.48 | 192.97 | NOTE | |
| r-release-macos-arm64 | 0.9-8 | OK | ||||
| r-release-macos-x86_64 | 0.9-8 | 9.00 | 138.00 | 147.00 | OK | |
| r-release-windows-x86_64 | 0.9-8 | 12.00 | 171.00 | 183.00 | NOTE | |
| r-oldrel-macos-arm64 | 0.9-8 | OK | ||||
| r-oldrel-macos-x86_64 | 0.9-8 | 9.00 | 133.00 | 142.00 | OK | |
| r-oldrel-windows-x86_64 | 0.9-8 | 16.00 | 248.00 | 264.00 | OK |
Version: 0.9-8
Check: tests
Result: NOTE
Running ‘test-pmodel-test.R’ [21s/25s]
Running ‘test-pmodel.R’ [32s/42s]
Comparing ‘test-pmodel.Rout’ to ‘test-pmodel.Rout.save’ ... OK
Running ‘test-pmtree.R’ [18s/23s]
Comparing ‘test-pmtree.Rout’ to ‘test-pmtree.Rout.save’ ...13,18d12
< Warning message:
< `aes_string()` was deprecated in ggplot2 3.0.0.
< ℹ Please use tidy evaluation idioms with `aes()`.
< ℹ See also `vignette("ggplot2-in-packages")` for more information.
< ℹ The deprecated feature was likely used in the model4you package.
< Please report the issue to the authors.
Flavor: r-devel-linux-x86_64-debian-clang
Version: 0.9-8
Check: tests
Result: NOTE
Running ‘test-pmodel-test.R’ [14s/19s]
Running ‘test-pmodel.R’ [21s/25s]
Comparing ‘test-pmodel.Rout’ to ‘test-pmodel.Rout.save’ ... OK
Running ‘test-pmtree.R’ [13s/16s]
Comparing ‘test-pmtree.Rout’ to ‘test-pmtree.Rout.save’ ...13,18d12
< Warning message:
< `aes_string()` was deprecated in ggplot2 3.0.0.
< ℹ Please use tidy evaluation idioms with `aes()`.
< ℹ See also `vignette("ggplot2-in-packages")` for more information.
< ℹ The deprecated feature was likely used in the model4you package.
< Please report the issue to the authors.
Flavor: r-devel-linux-x86_64-debian-gcc
Version: 0.9-8
Check: tests
Result: NOTE
Running ‘test-pmodel-test.R’ [36s/126s]
Running ‘test-pmodel.R’ [56s/113s]
Comparing ‘test-pmodel.Rout’ to ‘test-pmodel.Rout.save’ ... OK
Running ‘test-pmtree.R’ [32s/64s]
Comparing ‘test-pmtree.Rout’ to ‘test-pmtree.Rout.save’ ...13,18d12
< Warning message:
< `aes_string()` was deprecated in ggplot2 3.0.0.
< ℹ Please use tidy evaluation idioms with `aes()`.
< ℹ See also `vignette("ggplot2-in-packages")` for more information.
< ℹ The deprecated feature was likely used in the model4you package.
< Please report the issue to the authors.
Flavor: r-devel-linux-x86_64-fedora-clang
Version: 0.9-8
Check: tests
Result: NOTE
Running ‘test-pmodel-test.R’ [32s/40s]
Running ‘test-pmodel.R’ [50s/59s]
Comparing ‘test-pmodel.Rout’ to ‘test-pmodel.Rout.save’ ... OK
Running ‘test-pmtree.R’ [28s/33s]
Comparing ‘test-pmtree.Rout’ to ‘test-pmtree.Rout.save’ ...13,18d12
< Warning message:
< `aes_string()` was deprecated in ggplot2 3.0.0.
< ℹ Please use tidy evaluation idioms with `aes()`.
< ℹ See also `vignette("ggplot2-in-packages")` for more information.
< ℹ The deprecated feature was likely used in the model4you package.
< Please report the issue to the authors.
Flavor: r-devel-linux-x86_64-fedora-gcc
Version: 0.9-8
Check: tests
Result: NOTE
Running 'test-pmodel-test.R' [15s]
Running 'test-pmodel.R' [25s]
Comparing 'test-pmodel.Rout' to 'test-pmodel.Rout.save' ... OK
Running 'test-pmtree.R' [14s]
Comparing 'test-pmtree.Rout' to 'test-pmtree.Rout.save' ...13,18d12
< Warning message:
< `aes_string()` was deprecated in ggplot2 3.0.0.
< ℹ Please use tidy evaluation idioms with `aes()`.
< ℹ See also `vignette("ggplot2-in-packages")` for more information.
< ℹ The deprecated feature was likely used in the model4you package.
< Please report the issue to the authors.
Flavor: r-devel-windows-x86_64
Version: 0.9-8
Check: tests
Result: NOTE
Running ‘test-pmodel-test.R’ [20s/24s]
Running ‘test-pmodel.R’ [32s/42s]
Comparing ‘test-pmodel.Rout’ to ‘test-pmodel.Rout.save’ ... OK
Running ‘test-pmtree.R’ [18s/23s]
Comparing ‘test-pmtree.Rout’ to ‘test-pmtree.Rout.save’ ...13,18d12
< Warning message:
< `aes_string()` was deprecated in ggplot2 3.0.0.
< ℹ Please use tidy evaluation idioms with `aes()`.
< ℹ See also `vignette("ggplot2-in-packages")` for more information.
< ℹ The deprecated feature was likely used in the model4you package.
< Please report the issue to the authors.
Flavor: r-patched-linux-x86_64
Version: 0.9-8
Check: tests
Result: NOTE
Running ‘test-pmodel-test.R’ [20s/25s]
Running ‘test-pmodel.R’ [31s/41s]
Comparing ‘test-pmodel.Rout’ to ‘test-pmodel.Rout.save’ ... OK
Running ‘test-pmtree.R’ [18s/23s]
Comparing ‘test-pmtree.Rout’ to ‘test-pmtree.Rout.save’ ...13,18d12
< Warning message:
< `aes_string()` was deprecated in ggplot2 3.0.0.
< ℹ Please use tidy evaluation idioms with `aes()`.
< ℹ See also `vignette("ggplot2-in-packages")` for more information.
< ℹ The deprecated feature was likely used in the model4you package.
< Please report the issue to the authors.
Flavor: r-release-linux-x86_64
Version: 0.9-8
Check: tests
Result: NOTE
Running 'test-pmodel-test.R' [16s]
Running 'test-pmodel.R' [23s]
Comparing 'test-pmodel.Rout' to 'test-pmodel.Rout.save' ... OK
Running 'test-pmtree.R' [15s]
Comparing 'test-pmtree.Rout' to 'test-pmtree.Rout.save' ...13,18d12
< Warning message:
< `aes_string()` was deprecated in ggplot2 3.0.0.
< ℹ Please use tidy evaluation idioms with `aes()`.
< ℹ See also `vignette("ggplot2-in-packages")` for more information.
< ℹ The deprecated feature was likely used in the model4you package.
< Please report the issue to the authors.
Flavor: r-release-windows-x86_64