Last updated on 2025-11-26 17:49:59 CET.
| Flavor | Version | Tinstall | Tcheck | Ttotal | Status | Flags |
|---|---|---|---|---|---|---|
| r-devel-linux-x86_64-debian-clang | 0.1.3 | 3.10 | 34.28 | 37.38 | OK | |
| r-devel-linux-x86_64-debian-gcc | 0.1.3 | 2.82 | 29.78 | 32.60 | OK | |
| r-devel-linux-x86_64-fedora-clang | 0.1.3 | 13.00 | 46.80 | 59.80 | OK | |
| r-devel-linux-x86_64-fedora-gcc | 0.1.3 | 12.00 | 44.85 | 56.85 | OK | |
| r-devel-windows-x86_64 | 0.1.3 | 4.00 | 51.00 | 55.00 | OK | |
| r-patched-linux-x86_64 | 0.1.3 | 3.03 | 31.96 | 34.99 | OK | |
| r-release-linux-x86_64 | 0.1.3 | 3.08 | 32.01 | 35.09 | OK | |
| r-release-macos-arm64 | 0.1.3 | 4.00 | ERROR | |||
| r-release-macos-x86_64 | 0.1.3 | 13.00 | ERROR | |||
| r-release-windows-x86_64 | 0.1.3 | 4.00 | 56.00 | 60.00 | OK | |
| r-oldrel-macos-arm64 | 0.1.3 | 10.00 | ERROR | |||
| r-oldrel-macos-x86_64 | 0.1.3 | 19.00 | ERROR | |||
| r-oldrel-windows-x86_64 | 0.1.3 | 4.00 | 60.00 | 64.00 | OK |
Version: 0.1.3
Check: package dependencies
Result: ERROR
Package required but not available: ‘doMPI’
See section ‘The DESCRIPTION file’ in the ‘Writing R Extensions’
manual.
Flavors: r-release-macos-arm64, r-release-macos-x86_64, r-oldrel-macos-arm64, r-oldrel-macos-x86_64