Last updated on 2025-11-26 17:49:59 CET.
| Flavor | Version | Tinstall | Tcheck | Ttotal | Status | Flags |
|---|---|---|---|---|---|---|
| r-devel-linux-x86_64-debian-clang | 2.0.3 | 44.87 | 29.86 | 74.73 | NOTE | |
| r-devel-linux-x86_64-debian-gcc | 2.0.3 | 36.85 | 27.72 | 64.57 | NOTE | |
| r-devel-linux-x86_64-fedora-clang | 2.0.3 | 99.00 | 23.79 | 122.79 | NOTE | |
| r-devel-linux-x86_64-fedora-gcc | 2.0.3 | 83.00 | 49.73 | 132.73 | NOTE | |
| r-devel-windows-x86_64 | 2.0.3 | 62.00 | 71.00 | 133.00 | NOTE | |
| r-patched-linux-x86_64 | 2.0.3 | 49.90 | 32.54 | 82.44 | NOTE | |
| r-release-linux-x86_64 | 2.0.3 | 45.84 | 32.19 | 78.03 | NOTE | |
| r-release-macos-arm64 | 2.0.3 | NOTE | ||||
| r-release-macos-x86_64 | 2.0.3 | 33.00 | 38.00 | 71.00 | NOTE | |
| r-release-windows-x86_64 | 2.0.3 | 57.00 | 75.00 | 132.00 | NOTE | |
| r-oldrel-macos-arm64 | 2.0.3 | NOTE | ||||
| r-oldrel-macos-x86_64 | 2.0.3 | 27.00 | 25.00 | 52.00 | NOTE | |
| r-oldrel-windows-x86_64 | 2.0.3 | 67.00 | 85.00 | 152.00 | NOTE |
Version: 2.0.3
Check: CRAN incoming feasibility
Result: NOTE
Maintainer: ‘Felix Held <felix.held@gmail.com>’
The Description field contains
<arXiv:1911.04927>.
Please refer to arXiv e-prints via their arXiv DOI <doi:10.48550/arXiv.YYMM.NNNNN>.
Flavors: r-devel-linux-x86_64-debian-clang, r-devel-linux-x86_64-debian-gcc
Version: 2.0.3
Check: C++ specification
Result: NOTE
Specified C++14: please drop specification unless essential
Flavors: r-devel-linux-x86_64-debian-clang, r-devel-linux-x86_64-debian-gcc, r-devel-linux-x86_64-fedora-clang, r-devel-linux-x86_64-fedora-gcc, r-devel-windows-x86_64, r-patched-linux-x86_64, r-release-linux-x86_64, r-release-macos-arm64, r-release-macos-x86_64, r-release-windows-x86_64, r-oldrel-macos-arm64, r-oldrel-macos-x86_64, r-oldrel-windows-x86_64
Version: 2.0.3
Check: installed package size
Result: NOTE
installed size is 29.9Mb
sub-directories of 1Mb or more:
libs 29.8Mb
Flavors: r-oldrel-macos-arm64, r-oldrel-macos-x86_64