Last updated on 2025-10-25 17:48:43 CEST.
| Flavor | Version | Tinstall | Tcheck | Ttotal | Status | Flags |
|---|---|---|---|---|---|---|
| r-devel-linux-x86_64-debian-clang | 1.3.3 | 14.17 | 136.68 | 150.85 | NOTE | |
| r-devel-linux-x86_64-debian-gcc | 1.3.3 | 9.56 | 99.23 | 108.79 | NOTE | |
| r-devel-linux-x86_64-fedora-clang | 1.3.3 | 45.00 | 192.53 | 237.53 | OK | |
| r-devel-linux-x86_64-fedora-gcc | 1.3.3 | 30.00 | 199.22 | 229.22 | OK | |
| r-devel-windows-x86_64 | 1.3.3 | 16.00 | 139.00 | 155.00 | OK | |
| r-patched-linux-x86_64 | 1.3.3 | 13.73 | 129.58 | 143.31 | OK | |
| r-release-linux-x86_64 | 1.3.3 | 13.07 | 129.37 | 142.44 | OK | |
| r-release-macos-arm64 | 1.3.3 | 6.00 | 64.00 | 70.00 | OK | |
| r-release-macos-x86_64 | 1.3.3 | 11.00 | 109.00 | 120.00 | OK | |
| r-release-windows-x86_64 | 1.3.3 | 16.00 | 142.00 | 158.00 | OK | |
| r-oldrel-macos-arm64 | 1.3.3 | 5.00 | 57.00 | 62.00 | OK | |
| r-oldrel-macos-x86_64 | 1.3.3 | 8.00 | 90.00 | 98.00 | OK | |
| r-oldrel-windows-x86_64 | 1.3.3 | 19.00 | 183.00 | 202.00 | OK |
Version: 1.3.3
Check: CRAN incoming feasibility
Result: NOTE
Maintainer: ‘David Winter <david.winter@gmail.com>’
Package CITATION file contains call(s) to old-style personList() or
as.personList(). Please use c() on person objects instead.
Package CITATION file contains call(s) to old-style citEntry(). Please
use bibentry() instead.
Flavors: r-devel-linux-x86_64-debian-clang, r-devel-linux-x86_64-debian-gcc