Last updated on 2025-11-26 17:49:59 CET.
| Flavor | Version | Tinstall | Tcheck | Ttotal | Status | Flags |
|---|---|---|---|---|---|---|
| r-devel-linux-x86_64-debian-clang | 0.1.0 | 12.53 | 66.04 | 78.57 | OK | |
| r-devel-linux-x86_64-debian-gcc | 0.1.0 | 10.49 | 51.33 | 61.82 | OK | |
| r-devel-linux-x86_64-fedora-clang | 0.1.0 | 69.00 | 58.10 | 127.10 | OK | |
| r-devel-linux-x86_64-fedora-gcc | 0.1.0 | 28.00 | 86.95 | 114.95 | OK | |
| r-release-macos-arm64 | 0.1.0 | 9.00 | 19.00 | 28.00 | OK | |
| r-release-macos-x86_64 | 0.1.0 | 49.00 | 175.00 | 224.00 | OK | |
| r-oldrel-macos-arm64 | 0.1.0 | 7.00 | 23.00 | 30.00 | NOTE | |
| r-oldrel-macos-x86_64 | 0.1.0 | 41.00 | 160.00 | 201.00 | NOTE | |
| r-oldrel-windows-x86_64 | 0.1.0 | 18.00 | 96.00 | 114.00 | NOTE |
Version: 0.1.0
Check: installed package size
Result: NOTE
installed size is 6.4Mb
sub-directories of 1Mb or more:
data 6.2Mb
Flavors: r-oldrel-macos-arm64, r-oldrel-macos-x86_64, r-oldrel-windows-x86_64