CRAN Package Check Results for Package mlr3summary

Last updated on 2025-11-26 05:51:42 CET.

Flavor Version Tinstall Tcheck Ttotal Status Flags
r-devel-linux-x86_64-debian-clang 0.1.0 4.30 64.90 69.20 NOTE
r-devel-linux-x86_64-debian-gcc 0.1.0 3.16 45.47 48.63 NOTE
r-devel-linux-x86_64-fedora-clang 0.1.0 22.00 72.69 94.69 OK
r-devel-linux-x86_64-fedora-gcc 0.1.0 15.00 73.77 88.77 OK
r-devel-windows-x86_64 0.1.0 7.00 65.00 72.00 OK
r-patched-linux-x86_64 0.1.0 3.85 52.43 56.28 NOTE
r-release-linux-x86_64 0.1.0 3.94 51.94 55.88 NOTE
r-release-macos-arm64 0.1.0 OK
r-release-macos-x86_64 0.1.0 4.00 53.00 57.00 OK
r-release-windows-x86_64 0.1.0 7.00 64.00 71.00 OK
r-oldrel-macos-arm64 0.1.0 OK
r-oldrel-macos-x86_64 0.1.0 3.00 41.00 44.00 OK
r-oldrel-windows-x86_64 0.1.0 8.00 86.00 94.00 OK

Check Details

Version: 0.1.0
Check: for unstated dependencies in ‘demo’
Result: NOTE 'library' or 'require' calls not declared from: ‘future’ ‘mlr3tuning’ Flavors: r-devel-linux-x86_64-debian-clang, r-devel-linux-x86_64-debian-gcc, r-patched-linux-x86_64, r-release-linux-x86_64