Last updated on 2025-11-26 17:49:59 CET.
| Flavor | Version | Tinstall | Tcheck | Ttotal | Status | Flags |
|---|---|---|---|---|---|---|
| r-devel-linux-x86_64-debian-clang | 1.1.1 | 3.61 | 638.64 | 642.25 | NOTE | |
| r-devel-linux-x86_64-debian-gcc | 1.1.1 | 2.58 | 357.95 | 360.53 | NOTE | |
| r-devel-linux-x86_64-fedora-clang | 1.1.1 | 1060.71 | NOTE | |||
| r-devel-linux-x86_64-fedora-gcc | 1.1.1 | 1032.37 | NOTE | |||
| r-devel-windows-x86_64 | 1.1.1 | 8.00 | 533.00 | 541.00 | NOTE | |
| r-patched-linux-x86_64 | 1.1.1 | 3.70 | 655.00 | 658.70 | NOTE | |
| r-release-linux-x86_64 | 1.1.1 | 3.08 | 647.86 | 650.94 | NOTE | |
| r-release-macos-arm64 | 1.1.1 | NOTE | ||||
| r-release-macos-x86_64 | 1.1.1 | 4.00 | 628.00 | 632.00 | NOTE | |
| r-release-windows-x86_64 | 1.1.1 | 6.00 | 519.00 | 525.00 | NOTE | |
| r-oldrel-macos-arm64 | 1.1.1 | OK | ||||
| r-oldrel-macos-x86_64 | 1.1.1 | 4.00 | 414.00 | 418.00 | OK | |
| r-oldrel-windows-x86_64 | 1.1.1 | 6.00 | 835.00 | 841.00 | OK |
Version: 1.1.1
Check: DESCRIPTION meta-information
Result: NOTE
Missing dependency on R >= 4.1.0 because package code uses the pipe
|> or function shorthand \(...) syntax added in R 4.1.0.
File(s) using such syntax:
‘example.simfun.R’ ‘fit.surrogate.R’
Flavors: r-devel-linux-x86_64-debian-clang, r-devel-linux-x86_64-debian-gcc, r-devel-linux-x86_64-fedora-clang, r-devel-linux-x86_64-fedora-gcc, r-devel-windows-x86_64, r-patched-linux-x86_64, r-release-linux-x86_64, r-release-macos-arm64, r-release-macos-x86_64, r-release-windows-x86_64